{"id":82,"date":"2014-06-02T10:25:32","date_gmt":"2014-06-02T10:25:32","guid":{"rendered":"http:\/\/www.oceanblogs.org\/walvis2\/?page_id=82"},"modified":"2014-06-20T11:39:17","modified_gmt":"2014-06-20T11:39:17","slug":"das-team","status":"publish","type":"page","link":"https:\/\/www.oceanblogs.org\/walvis2\/das-team\/","title":{"rendered":"Das Team"},"content":{"rendered":"<p>&nbsp;<\/p>\n<p>&nbsp;<\/p>\n<p><strong>Fahrtteilnehmer beider Ausfahrten (SO233 WAVIS II und SO234-1 SPACES):<\/strong><\/p>\n<p>&nbsp;<\/p>\n<div id=\"attachment_87\" style=\"width: 145px\" class=\"wp-caption alignleft\"><a href=\"http:\/\/www.oceanblogs.org\/walvis2\/wp-content\/uploads\/sites\/19\/2014\/06\/2014-05-28_WalvisII-JoergGeldmacher_FauveDeArnal.jpg\"><img loading=\"lazy\" decoding=\"async\" aria-describedby=\"caption-attachment-87\" class=\"wp-image-87 size-thumbnail\" src=\"http:\/\/www.oceanblogs.org\/walvis2\/wp-content\/uploads\/sites\/19\/2014\/06\/2014-05-28_WalvisII-JoergGeldmacher_FauveDeArnal-135x135.jpg\" alt=\"J\u00f6rg Geldmacher. Foto: Fauve de Arnal.\" width=\"135\" height=\"135\" \/><\/a><p id=\"caption-attachment-87\" class=\"wp-caption-text\">J\u00f6rg Geldmacher. Foto: Fauve de Arnal.<\/p><\/div>\n<p><strong>J\u00f6rg Geldmacher<\/strong> arbeitet als Senior Scientist am GEOMAR. Auch wenn er mit insgesamt 10 Fahrten ein routinierter Seefahrer ist, war er erst dreimal mit der Sonne unterwegs. Auf dieser Fahrt leitet er die geologische Tagschicht. Der Zeitpunkt der Ausfahrt kam f\u00fcr J\u00f6rg denkbar ungelegen, da er nicht nur die Fu\u00dfball WM, sondern auch die Kieler Woche verpasst. Das gute Essen und die netten Leute an Bord sieht er allerdings als angemessenen Ausgleich.<\/p>\n<p>&nbsp;<\/p>\n<p>&nbsp;<\/p>\n<p>&nbsp;<\/p>\n<p>&nbsp;<\/p>\n<p>&nbsp;<\/p>\n<div id=\"attachment_102\" style=\"width: 145px\" class=\"wp-caption alignleft\"><img loading=\"lazy\" decoding=\"async\" aria-describedby=\"caption-attachment-102\" class=\"size-thumbnail wp-image-102\" src=\"http:\/\/www.oceanblogs.org\/walvis2\/wp-content\/uploads\/sites\/19\/2014\/06\/StephanH-135x135.jpg\" alt=\"Stephan Homrighausen\" width=\"135\" height=\"135\" \/><p id=\"caption-attachment-102\" class=\"wp-caption-text\">Stephan Homrighausen<\/p><\/div>\n<p>F\u00fcr <strong>Stephan Homrighausen<\/strong> ist diese Ausfahrt das Herzst\u00fcck seiner Doktorarbeit und mit den Proben, die wir hier sammeln, wird er sich die n\u00e4chsten drei Jahre\u00a0 besch\u00e4ftigen&#8230; Trotz seiner Anwesenheit beim Heraufholen nahezu aller Dredgen, findet er gen\u00fcgend Zeit, die Freizeit mit allen an Bord zu genie\u00dfen. Zu Hause erwarten ihn zuerst einmal Umzugskartons, da er die Doktorandenstelle am GEOMAR erst eine Woche vor der Ausfahrt angetreten hat und daf\u00fcr extra von Frankfurt am Main nach Kiel umgezogen ist.<\/p>\n<p>&nbsp;<\/p>\n<p>&nbsp;<\/p>\n<p>&nbsp;<\/p>\n<p>&nbsp;<\/p>\n<div id=\"attachment_104\" style=\"width: 145px\" class=\"wp-caption alignleft\"><img loading=\"lazy\" decoding=\"async\" aria-describedby=\"caption-attachment-104\" class=\"size-thumbnail wp-image-104\" src=\"http:\/\/www.oceanblogs.org\/walvis2\/wp-content\/uploads\/sites\/19\/2014\/06\/AndreaK-135x135.jpg\" alt=\"Andrea Kipf\" width=\"135\" height=\"135\" \/><p id=\"caption-attachment-104\" class=\"wp-caption-text\">Andrea Kipf<\/p><\/div>\n<p><strong>Andrea Kipf<\/strong> ist direkt nach ihrer Promotion am GEOMAR aufs Schiff gekommen und freut sich nun die monatelange Schreibtischarbeit gegen die Gesteinss\u00e4ge auszutauschen. Obwohl ihr wissenschaftliches Herz nur f\u00fcr die Steine schl\u00e4gt, hat sie wohl mehr Haustiere als manch ein Biologe hier an Bord. Sie freut sich demzufolge nicht nur \u00fcber Gesteinsproben, sondern auch \u00fcber alle zoologischen Funde.<\/p>\n<p>&nbsp;<\/p>\n<p>&nbsp;<\/p>\n<p>&nbsp;<\/p>\n<p>&nbsp;<\/p>\n<div id=\"attachment_91\" style=\"width: 145px\" class=\"wp-caption alignleft\"><a href=\"http:\/\/www.oceanblogs.org\/walvis2\/wp-content\/uploads\/sites\/19\/2014\/06\/2014-05-28_WalvisII-ReinhardWerner_NinaFurchheim.jpg\"><img loading=\"lazy\" decoding=\"async\" aria-describedby=\"caption-attachment-91\" class=\"wp-image-91 size-thumbnail\" src=\"http:\/\/www.oceanblogs.org\/walvis2\/wp-content\/uploads\/sites\/19\/2014\/06\/2014-05-28_WalvisII-ReinhardWerner_NinaFurchheim-135x135.jpg\" alt=\"Reinhard Werner. Foto: Nina Furchheim\" width=\"135\" height=\"135\" \/><\/a><p id=\"caption-attachment-91\" class=\"wp-caption-text\">Reinhard Werner. Foto: Nina Furchheim<\/p><\/div>\n<p><strong>Reinhard Werner<\/strong> ist unser Seeb\u00e4r, der schon unz\u00e4hlige Male an Bord von Forschungsschiffen war und insbesondere hier auf der Sonne jede Schraube kennt. Er geh\u00f6rt somit quasi zum Inventar&#8230; An Land ist er Senior Scientist in Kaj Hoernles Gruppe und dort unter anderem f\u00fcr die stets perfekte Organisation von Schiffsexpeditionen zust\u00e4ndig, weshalb wir hier top ausgestattet und f\u00fcr alle Eventualit\u00e4ten ger\u00fcstet sind. Neben dem guten Essen und den billigen Zigaretten mag Reinhard besonders die Crew an Bord der Sonne mit der er immer gerne zusammenarbeitet. Auf der Ausfahrt SO234-1 SPACES \u00fcbernimmt Reinhard Werner die Fahrtleitung von Kaj Hoernle.<\/p>\n<p>&nbsp;<\/p>\n<p>&nbsp;<\/p>\n<p>&nbsp;<\/p>\n<p>&nbsp;<\/p>\n<p>&nbsp;<\/p>\n<p><strong>Fahrtteilnehmer der Ausfahrt SO233 WALVIS II:<\/strong><\/p>\n<p>&nbsp;<\/p>\n<div id=\"attachment_85\" style=\"width: 145px\" class=\"wp-caption alignleft\"><a href=\"http:\/\/www.oceanblogs.org\/walvis2\/wp-content\/uploads\/sites\/19\/2014\/06\/2014-05-28_WalvisII-KajHoernle_FauveDeArnal.jpg\"><img loading=\"lazy\" decoding=\"async\" aria-describedby=\"caption-attachment-85\" class=\"wp-image-85 size-thumbnail\" src=\"http:\/\/www.oceanblogs.org\/walvis2\/wp-content\/uploads\/sites\/19\/2014\/06\/2014-05-28_WalvisII-KajHoernle_FauveDeArnal-135x135.jpg\" alt=\"Kaj Hoernle. Foto: Fauve de Arnal.\" width=\"135\" height=\"135\" \/><\/a><p id=\"caption-attachment-85\" class=\"wp-caption-text\">Kaj Hoernle. Foto: Fauve de Arnal.<\/p><\/div>\n<p><strong>Kaj Hoernle<\/strong> ist unser<strong> Fahrtleiter<\/strong> und im normalen Leben Professor der Universit\u00e4t Kiel am GEOMAR. Er hat zusammmen mit seinem Kollegen Folkmar Hauff den Antrag f\u00fcr die Fahrt geschrieben und ist hier auf der Sonne verantwortlich f\u00fcr uns alle. Neben anderen geologischen Fragestellungen faszinieren ihn die Geheimnisse des Meeresbodens besonders. Auf dieser Expedition m\u00f6chte Kaj die Entstehung der untermeerischen, 4000 km langen Vulkankette, die von der Vulkaninsel Tristan da Cunha im S\u00fcdatlantik bis Namibia\/Angola auf dem afrikanischen Festland reicht erkunden. Auch wenn Kaj normalerweise lieber mit festem Boden unter den F\u00fcssen arbeitet, sch\u00e4tzt er an der \u201eSonne\u201c besonderes den Kapit\u00e4n, die Offiziere und die Mannschaft, sowie die Geschichte des Schiffes als ehemaliger Fischtrawler, durch die die Sonne besonders gut und stabil im Wasser liegt.<\/p>\n<p>&nbsp;<\/p>\n<p>&nbsp;<\/p>\n<p>&nbsp;<\/p>\n<div id=\"attachment_120\" style=\"width: 145px\" class=\"wp-caption alignleft\"><img loading=\"lazy\" decoding=\"async\" aria-describedby=\"caption-attachment-120\" class=\"size-thumbnail wp-image-120\" src=\"http:\/\/www.oceanblogs.org\/walvis2\/wp-content\/uploads\/sites\/19\/2014\/06\/Fauve2-135x135.jpg\" alt=\"Fauve de Arnal\" width=\"135\" height=\"135\" \/><p id=\"caption-attachment-120\" class=\"wp-caption-text\">Fauve de Arnal<\/p><\/div>\n<p><strong>Fauve Katharina de Arnal<\/strong> geh\u00f6rt zu unserer Biologiegruppe hier an Bord. Zu Hause an der Freien Universit\u00e4t Berlin studiert sie im Masterstudiengang Neurowissenschaften. In einem ihrer vieler Nebenjobs seziert sie besonders gerne Fliegengehirne\u00a0 und Nerven von Heuschrecken um diese anzuf\u00e4rben und unterm Mikroskop zu bewundern. Auf diese Ausfahrt kam sie sehr spontan nach einer nur 24 st\u00fcndigen Bedenkzeit mit und hat es bislang nicht bereut. Auf der Sonne genie\u00dft sie besonders die weite Aussicht aufs Meer.<\/p>\n<p>&nbsp;<\/p>\n<p>&nbsp;<\/p>\n<p>&nbsp;<\/p>\n<p>&nbsp;<\/p>\n<div id=\"attachment_92\" style=\"width: 145px\" class=\"wp-caption alignleft\"><a href=\"http:\/\/www.oceanblogs.org\/walvis2\/wp-content\/uploads\/sites\/19\/2014\/06\/2014-05-28_WalvisII-FlorianEvers_FauveDeArnal.jpg\"><img loading=\"lazy\" decoding=\"async\" aria-describedby=\"caption-attachment-92\" class=\"wp-image-92 size-thumbnail\" src=\"http:\/\/www.oceanblogs.org\/walvis2\/wp-content\/uploads\/sites\/19\/2014\/06\/2014-05-28_WalvisII-FlorianEvers_FauveDeArnal-135x135.jpg\" alt=\"Florian Evers. Foto: Fauve de Arnal\" width=\"135\" height=\"135\" \/><\/a><p id=\"caption-attachment-92\" class=\"wp-caption-text\">Florian Evers. Foto: Fauve de Arnal<\/p><\/div>\n<p><strong>Florian Evers<\/strong> ist hier, wie auch am GEOMAR Techniker. Auf dieser Fahrt ist er f\u00fcr den TV-Multicorer zust\u00e4ndig und h\u00e4lt diesen 1A in Schuss. Weil Florian das Meer liebt und hier den Kopf frei bekommt, f\u00e4hrt er immer wieder gern mit auf Ausfahrt. Zu Hause vermisst er neben seiner Tochter und seinen Freunden, seine vielen Haustiere.<\/p>\n<p>&nbsp;<\/p>\n<p>&nbsp;<\/p>\n<p>&nbsp;<\/p>\n<p>&nbsp;<\/p>\n<p>&nbsp;<\/p>\n<div id=\"attachment_118\" style=\"width: 145px\" class=\"wp-caption alignleft\"><img loading=\"lazy\" decoding=\"async\" aria-describedby=\"caption-attachment-118\" class=\"size-thumbnail wp-image-118\" src=\"http:\/\/www.oceanblogs.org\/walvis2\/wp-content\/uploads\/sites\/19\/2014\/06\/Nina2-135x135.jpg\" alt=\"Nina Furchheim\" width=\"135\" height=\"135\" \/><p id=\"caption-attachment-118\" class=\"wp-caption-text\">Nina Furchheim<\/p><\/div>\n<p><strong>Nina Furchheim<\/strong> ist schon eine erprobte Seefahrerin und zum f\u00fcnften Mal auf einem Forschungsschiff unterwegs. Die Laborabl\u00e4ufe beherrscht sie im Schlaf, auch wenn es nachts manchmal etwas l\u00e4nger dauert, bis man sie wach bekommt, um die volle Dredge in Empfang zu nehmen und Tierchen abzusammeln. Zu Hause in Berlin ist sie am Museum f\u00fcr Naturkunde angestellt und steckt mitten in ihrer Doktorarbeit, welche auch hier an Bord nicht zu kurz kommt.<br \/>\nBesonders gerne mag Nina die netten Leute und die gute Stimmung hier an Bord.<\/p>\n<p>&nbsp;<\/p>\n<p>&nbsp;<\/p>\n<p>&nbsp;<\/p>\n<p>&nbsp;<\/p>\n<div id=\"attachment_140\" style=\"width: 145px\" class=\"wp-caption alignleft\"><img loading=\"lazy\" decoding=\"async\" aria-describedby=\"caption-attachment-140\" class=\"size-thumbnail wp-image-140\" src=\"http:\/\/www.oceanblogs.org\/walvis2\/wp-content\/uploads\/sites\/19\/2014\/06\/Roman-135x135.jpg\" alt=\"Roman Golowin. Foto: Nina Furchheim\" width=\"135\" height=\"135\" srcset=\"https:\/\/www.oceanblogs.org\/walvis2\/wp-content\/uploads\/sites\/19\/2014\/06\/Roman-135x135.jpg 135w, https:\/\/www.oceanblogs.org\/walvis2\/wp-content\/uploads\/sites\/19\/2014\/06\/Roman-484x484.jpg 484w, https:\/\/www.oceanblogs.org\/walvis2\/wp-content\/uploads\/sites\/19\/2014\/06\/Roman.jpg 600w\" sizes=\"auto, (max-width: 135px) 100vw, 135px\" \/><p id=\"caption-attachment-140\" class=\"wp-caption-text\">Roman Golowin. Foto: Nina Furchheim<\/p><\/div>\n<p><strong>Roman Golowin ist<\/strong> Doktorand am GEOMAR und nutzt auch an Bord jeder freie Minute um an seinen Publikationen f\u00fcr die Doktorarbeit zu arbeiten. Als Ausgleich f\u00fcr die Denkarbeit ist er jederzeit f\u00fcr ein Tischtennismatch zu begeistern, wobei er mit seinen flachen Angaben die Gegner ausspielt. Wie jeder von uns mag er besonders das gute Essen hier an Bord und l\u00e4sst sich f\u00fcr die Nachtschicht gern auch mal das Mittagessen zur\u00fcckstellen.<\/p>\n<p>&nbsp;<\/p>\n<p>&nbsp;<\/p>\n<p>&nbsp;<\/p>\n<p>&nbsp;<\/p>\n<p>&nbsp;<\/p>\n<div id=\"attachment_138\" style=\"width: 145px\" class=\"wp-caption alignleft\"><img loading=\"lazy\" decoding=\"async\" aria-describedby=\"caption-attachment-138\" class=\"wp-image-138 size-thumbnail\" src=\"http:\/\/www.oceanblogs.org\/walvis2\/wp-content\/uploads\/sites\/19\/2014\/06\/Josephine-135x135.jpg\" alt=\"Josephine Itengula. Foto: Fauve de Arnal\" width=\"135\" height=\"135\" srcset=\"https:\/\/www.oceanblogs.org\/walvis2\/wp-content\/uploads\/sites\/19\/2014\/06\/Josephine-135x135.jpg 135w, https:\/\/www.oceanblogs.org\/walvis2\/wp-content\/uploads\/sites\/19\/2014\/06\/Josephine-484x484.jpg 484w, https:\/\/www.oceanblogs.org\/walvis2\/wp-content\/uploads\/sites\/19\/2014\/06\/Josephine.jpg 600w\" sizes=\"auto, (max-width: 135px) 100vw, 135px\" \/><p id=\"caption-attachment-138\" class=\"wp-caption-text\">Josephine Itengula. Foto: Fauve de Arnal<\/p><\/div>\n<p><strong>Josephine Itengula<\/strong> kommt aus Namibia und hat in Windhoek an der University of Namibia Geologie studiert. Hier auf der Sonne ist sie als Gastwissenschaftlerin und freut sich \u00fcber jede volle Dredge. Trotz anf\u00e4nglicher Skepsis s\u00e4gt sie mittlerweile mit Begeisterung\u00a0 Steine. Besonders freut sie sich dar\u00fcber, dass sie hier praktische Erfahrungen sammeln kann, was das Beproben von vulkanischen Gesteinen angeht. Die Erfahrung einmal f\u00fcr eine Zeit auf einem Forschungsschiff zu leben m\u00f6chte sie nicht mehr missen. Sie sch\u00e4tzt die gute Stimmung und die Offenheit der Menschen hier an Bord.<\/p>\n<p>&nbsp;<\/p>\n<p>&nbsp;<\/p>\n<p>&nbsp;<\/p>\n<p>&nbsp;<\/p>\n<div id=\"attachment_139\" style=\"width: 145px\" class=\"wp-caption alignleft\"><img loading=\"lazy\" decoding=\"async\" aria-describedby=\"caption-attachment-139\" class=\"size-thumbnail wp-image-139\" src=\"http:\/\/www.oceanblogs.org\/walvis2\/wp-content\/uploads\/sites\/19\/2014\/06\/Karin-135x135.jpg\" alt=\"Karin Junge. Foto: Franziska Matz\" width=\"135\" height=\"135\" srcset=\"https:\/\/www.oceanblogs.org\/walvis2\/wp-content\/uploads\/sites\/19\/2014\/06\/Karin-135x135.jpg 135w, https:\/\/www.oceanblogs.org\/walvis2\/wp-content\/uploads\/sites\/19\/2014\/06\/Karin-484x484.jpg 484w, https:\/\/www.oceanblogs.org\/walvis2\/wp-content\/uploads\/sites\/19\/2014\/06\/Karin.jpg 600w\" sizes=\"auto, (max-width: 135px) 100vw, 135px\" \/><p id=\"caption-attachment-139\" class=\"wp-caption-text\">Karin Junge. Foto: Franziska Matz<\/p><\/div>\n<p><strong>Karin Junge<\/strong> arbeitet seit fast zwei Jahren am Geomar als Labortechnikerin in der Arbeitsgruppe von Kaj. Dort ist sie unter anderem\u00a0 zust\u00e4ndig f\u00fcr die Gesteinsanalytik, Isotopenmessung und Mineralseparation. F\u00fcr sie ist es die erste Ausfahrt auf einem Forschungsschiff. Hier auf der Sonne gef\u00e4llt es ihr besonders, dass sie hier die Zeit findet sich ausgiebig mit den Kollegen zu unterhalten und sich richtig kennenzulernen. Im normalen Arbeitsalltag fehlt daf\u00fcr oft die Zeit. Am meisten vermisst Karin ihre Familie und nat\u00fcrlich die Zeitung am Fr\u00fchst\u00fcckstisch.<\/p>\n<p>&nbsp;<\/p>\n<p>&nbsp;<\/p>\n<p>&nbsp;<\/p>\n<p>&nbsp;<\/p>\n<div id=\"attachment_89\" style=\"width: 145px\" class=\"wp-caption alignleft\"><a href=\"http:\/\/www.oceanblogs.org\/walvis2\/wp-content\/uploads\/sites\/19\/2014\/06\/2014-05-28_WalvisII-CarstenLueter_FauveDeArnal.jpg\"><img loading=\"lazy\" decoding=\"async\" aria-describedby=\"caption-attachment-89\" class=\"wp-image-89 size-thumbnail\" src=\"http:\/\/www.oceanblogs.org\/walvis2\/wp-content\/uploads\/sites\/19\/2014\/06\/2014-05-28_WalvisII-CarstenLueter_FauveDeArnal-135x135.jpg\" alt=\"Carsten L\u00fcter. Foto: Fauve de Arnal.\" width=\"135\" height=\"135\" \/><\/a><p id=\"caption-attachment-89\" class=\"wp-caption-text\">Carsten L\u00fcter. Foto: Fauve de Arnal.<\/p><\/div>\n<p><strong>Carsten L\u00fcter<\/strong> leitet die Biologie an Bord und ist an Land Kurator der marinen wirbellosen Tiere am Museum f\u00fcr Naturkunde in Berlin. Er interessiert sich besonders f\u00fcr Brachiopoden (\u201eDas sind Tiere, die aussehen wie Muscheln, geh\u00f6ren aber zu einer ganz anderen Tiergruppe.\u201c) und Stachelh\u00e4uter, die er besonders gern von Steinen kratzt und mit gro\u00dfem Enthusiasmus aus gro\u00dfen Schlammproben rausw\u00fchlt. Die freie Zeit an Bord vertreibt er sich mit Tischtennis und Lesen. Am meisten vermisst er seine Familie.<\/p>\n<p>&nbsp;<\/p>\n<p>&nbsp;<\/p>\n<p>&nbsp;<\/p>\n<p>&nbsp;<\/p>\n<div id=\"attachment_107\" style=\"width: 145px\" class=\"wp-caption alignleft\"><img loading=\"lazy\" decoding=\"async\" aria-describedby=\"caption-attachment-107\" class=\"size-thumbnail wp-image-107\" src=\"http:\/\/www.oceanblogs.org\/walvis2\/wp-content\/uploads\/sites\/19\/2014\/06\/Franziska-135x135.jpg\" alt=\"Franzi Matz\" width=\"135\" height=\"135\" \/><p id=\"caption-attachment-107\" class=\"wp-caption-text\">Franzi Matz<\/p><\/div>\n<p><strong>Franziska (Franzi) Matz<\/strong> arbeitet zu Hause an einer Doktorarbeit \u00fcber die Embryonalentwicklung von Fangschreckenkrebsen.\u00a0 Obwohl der Schwerpunkt dieser Ausfahrt nicht unbedingt das Thema ihrer Arbeit trifft, hat Franzi keine Sekunde gez\u00f6gert hier mitzufahren&#8230;. Sie freut sich besonders, die erste Woche der Seekrankheit hinter sich gelassen zu haben und nun voll und ganz am Schiffsleben teilzunehmen.<\/p>\n<p>&nbsp;<\/p>\n<p>&nbsp;<\/p>\n<p>&nbsp;<\/p>\n<p>&nbsp;<\/p>\n<div id=\"attachment_137\" style=\"width: 145px\" class=\"wp-caption alignleft\"><img loading=\"lazy\" decoding=\"async\" aria-describedby=\"caption-attachment-137\" class=\"size-thumbnail wp-image-137\" src=\"http:\/\/www.oceanblogs.org\/walvis2\/wp-content\/uploads\/sites\/19\/2014\/06\/Inge-135x135.jpg\" alt=\"Inge Mbidi. Foto: Nina Furchheim\" width=\"135\" height=\"135\" srcset=\"https:\/\/www.oceanblogs.org\/walvis2\/wp-content\/uploads\/sites\/19\/2014\/06\/Inge-135x135.jpg 135w, https:\/\/www.oceanblogs.org\/walvis2\/wp-content\/uploads\/sites\/19\/2014\/06\/Inge-484x484.jpg 484w, https:\/\/www.oceanblogs.org\/walvis2\/wp-content\/uploads\/sites\/19\/2014\/06\/Inge.jpg 600w\" sizes=\"auto, (max-width: 135px) 100vw, 135px\" \/><p id=\"caption-attachment-137\" class=\"wp-caption-text\">Inge Mbidi. Foto: Nina Furchheim<\/p><\/div>\n<p><strong>Inge Mbidi<\/strong> kommt aus Namibia und hat an der University of Namibia Geologie studiert. In Windhoek arbeitet sie f\u00fcr den Geological Servey of Namibia und ist als Gastwissenschaftlerin bei uns an Bord.\u00a0 Inge mag vor allem die Gem\u00fctlichkeit der Sonne und dass auch mal Zeit bleibt, an Deck zu sitzen und in die Weite des Atlantik zu schauen. Au\u00dferdem ist sie froh, die anf\u00e4ngliche Seekrankheit \u00fcberwunden zu haben. Hier auf der Sonne hat sie in ihrer Freizeit das Tischtennisspielen f\u00fcr sich entdeckt.<\/p>\n<p>&nbsp;<\/p>\n<p>&nbsp;<\/p>\n<p>&nbsp;<\/p>\n<p>&nbsp;<\/p>\n<p>&nbsp;<\/p>\n<div id=\"attachment_103\" style=\"width: 145px\" class=\"wp-caption alignleft\"><img loading=\"lazy\" decoding=\"async\" aria-describedby=\"caption-attachment-103\" class=\"size-thumbnail wp-image-103\" src=\"http:\/\/www.oceanblogs.org\/walvis2\/wp-content\/uploads\/sites\/19\/2014\/06\/Alice-135x135.jpg\" alt=\"Alice Nauendorf\" width=\"135\" height=\"135\" \/><p id=\"caption-attachment-103\" class=\"wp-caption-text\">Alice Nauendorf<\/p><\/div>\n<p><strong>Alice Nauendorf<\/strong> hat gerade ihr Masterstudium der Biologischen Ozeanographie an der Universit\u00e4t Kiel abgeschlossen. Nach mehreren k\u00fcrzeren Ausfahrten auf der Ostsee ist das ihre erste Teilnahme an einer gr\u00f6\u00dferen Schiffsexpedition. Ihr Motto f\u00fcr diese Ausfahrt ist: \u201eEin Pfannkuchen am Morgen vertreibt Kummer und Sorgen\u201c<\/p>\n<p>&nbsp;<\/p>\n<p>&nbsp;<\/p>\n<p>&nbsp;<\/p>\n<p>&nbsp;<\/p>\n<p>&nbsp;<\/p>\n<div id=\"attachment_86\" style=\"width: 145px\" class=\"wp-caption alignleft\"><a href=\"http:\/\/www.oceanblogs.org\/walvis2\/wp-content\/uploads\/sites\/19\/2014\/06\/2014-05-28_WalvisII-MaximPortnyagin_NinaFurchheim.jpg\"><img loading=\"lazy\" decoding=\"async\" aria-describedby=\"caption-attachment-86\" class=\"wp-image-86 size-thumbnail\" src=\"http:\/\/www.oceanblogs.org\/walvis2\/wp-content\/uploads\/sites\/19\/2014\/06\/2014-05-28_WalvisII-MaximPortnyagin_NinaFurchheim-135x135.jpg\" alt=\"Maxim Portnyagin. Foto: Nina Furchheim\" width=\"135\" height=\"135\" \/><\/a><p id=\"caption-attachment-86\" class=\"wp-caption-text\">Maxim Portnyagin. Foto: Nina Furchheim<\/p><\/div>\n<p>Wenn <strong>Maxim Portnyagin<\/strong> nicht als Schichtleiter die Nachtschicht der Geologen mit Anekdoten bei Laune h\u00e4lt, ist er am Geomar Senior Scientist in der Arbeitsgruppe von Kaj Hoernle. An Forschungsreisen auf See mag er es besonders neue unbekannte untermeerische Gebiete zu erforschen.Neue Leute kennenzulernen und mit altbekannten nette Gespr\u00e4che zu f\u00fchren, w\u00e4hrend man mit ihnen gemeinsam gespannt darauf wartet was die Dredgen ans Tageslicht f\u00f6rdern reizt ihn gleicherma\u00dfen an Ausfahrten wie dieser.<\/p>\n<p>&nbsp;<\/p>\n<p>&nbsp;<\/p>\n<p>&nbsp;<\/p>\n<p>&nbsp;<\/p>\n<div id=\"attachment_136\" style=\"width: 145px\" class=\"wp-caption alignleft\"><img loading=\"lazy\" decoding=\"async\" aria-describedby=\"caption-attachment-136\" class=\"size-thumbnail wp-image-136\" src=\"http:\/\/www.oceanblogs.org\/walvis2\/wp-content\/uploads\/sites\/19\/2014\/06\/Antje-135x135.jpg\" alt=\"Antje Schwindrofska. Foto: Franziska Matz\" width=\"135\" height=\"135\" srcset=\"https:\/\/www.oceanblogs.org\/walvis2\/wp-content\/uploads\/sites\/19\/2014\/06\/Antje-135x135.jpg 135w, https:\/\/www.oceanblogs.org\/walvis2\/wp-content\/uploads\/sites\/19\/2014\/06\/Antje-484x484.jpg 484w, https:\/\/www.oceanblogs.org\/walvis2\/wp-content\/uploads\/sites\/19\/2014\/06\/Antje.jpg 600w\" sizes=\"auto, (max-width: 135px) 100vw, 135px\" \/><p id=\"caption-attachment-136\" class=\"wp-caption-text\">Antje Schwindrofska. Foto: Franziska Matz<\/p><\/div>\n<p><strong>Antje Schwindrofska<\/strong> ist Doktorandin in Kajs Arbeitsgruppe und besch\u00e4ftigt sich mit der Entstehung und Geochemie der karibischen Flutbasaltprovinz. Da sie die Proben f\u00fcr ihre Arbeit nicht selbst sammeln konnte, ist dies ihre erste Ausfahrt und sie freut sich \u00fcber die praktische Erfahrung, die sie hier sammelt. Antje findet es spannend zu sehen und zu lernen, wie das Sammeln von Gesteinsproben auf dem Meeresboden in bis zu 4500 m Tiefe mittels Dredge vor sich geht.<\/p>\n<p>&nbsp;<\/p>\n<p>&nbsp;<\/p>\n<p>&nbsp;<\/p>\n<p>&nbsp;<\/p>\n<p>&nbsp;<\/p>\n<div id=\"attachment_105\" style=\"width: 145px\" class=\"wp-caption alignleft\"><img loading=\"lazy\" decoding=\"async\" aria-describedby=\"caption-attachment-105\" class=\"size-thumbnail wp-image-105\" src=\"http:\/\/www.oceanblogs.org\/walvis2\/wp-content\/uploads\/sites\/19\/2014\/06\/BjoernS-135x135.jpg\" alt=\"Bj\u00f6rn Stiller\" width=\"135\" height=\"135\" \/><p id=\"caption-attachment-105\" class=\"wp-caption-text\">Bj\u00f6rn Stiller<\/p><\/div>\n<p><strong>Bj\u00f6rn Stiller<\/strong> ist \u201eder gro\u00dfe Blonde mit dem schwarzen Schuh\u201c und muss immer aufpassen nicht mit dem Kopf \u201edurch die Decke zu gehen\u201c (er ist n\u00e4mlich tats\u00e4chlich sehr gro\u00df und die Decken sehr niedrig). Er studiert angewandte Geowissenschaften an der RWTH Aachen und wurde letztes Jahr von Kaj f\u00fcr diese Ausfahrt angeworben. Als geb\u00fcrtiger Hamburger freut er sich mal wieder frische\u00a0 Seeluft zu schnuppern.<\/p>\n<p>&nbsp;<\/p>\n<p>&nbsp;<\/p>\n<p>&nbsp;<\/p>\n<p>&nbsp;<\/p>\n<div id=\"attachment_119\" style=\"width: 145px\" class=\"wp-caption alignleft\"><img loading=\"lazy\" decoding=\"async\" aria-describedby=\"caption-attachment-119\" class=\"size-thumbnail wp-image-119\" src=\"http:\/\/www.oceanblogs.org\/walvis2\/wp-content\/uploads\/sites\/19\/2014\/06\/Sandra2-135x135.jpg\" alt=\"Sandra Wind\" width=\"135\" height=\"135\" \/><p id=\"caption-attachment-119\" class=\"wp-caption-text\">Sandra Wind<\/p><\/div>\n<p><strong>Sandra Wind<\/strong> w\u00fcnscht sich schon seit langem an einer Tiefseeexpedition teilzunehmen und genie\u00dft diese nun in vollen Z\u00fcgen. Sie ist ebenfalls in Kiel zu Hause und studiert dort an der Universit\u00e4t Geowissenschaften. Nachdem sie nun drei Wochen Nachtschicht hatte, freut sie sich endlich in der Tagschicht zu sein und in den freien Minuten das gute Wetter und das Meer zu genie\u00dfen. Besonders freut sie sich, dass sie so viele nette Menschen an Bord kennengelernt hat.<\/p>\n<p>&nbsp;<\/p>\n","protected":false},"excerpt":{"rendered":"<p>&nbsp; &nbsp; Fahrtteilnehmer beider Ausfahrten (SO233 WAVIS II und SO234-1 SPACES): &nbsp; J\u00f6rg Geldmacher arbeitet als Senior Scientist am GEOMAR. Auch wenn er mit insgesamt 10 Fahrten ein routinierter Seefahrer ist, war er erst dreimal mit der Sonne unterwegs. Auf dieser Fahrt leitet er die geologische Tagschicht. Der Zeitpunkt der Ausfahrt kam f\u00fcr J\u00f6rg denkbar [&hellip;]<\/p>\n","protected":false},"author":92,"featured_media":0,"parent":0,"menu_order":0,"comment_status":"open","ping_status":"open","template":"","meta":{"footnotes":""},"class_list":["post-82","page","type-page","status-publish","hentry"],"_links":{"self":[{"href":"https:\/\/www.oceanblogs.org\/walvis2\/wp-json\/wp\/v2\/pages\/82","targetHints":{"allow":["GET"]}}],"collection":[{"href":"https:\/\/www.oceanblogs.org\/walvis2\/wp-json\/wp\/v2\/pages"}],"about":[{"href":"https:\/\/www.oceanblogs.org\/walvis2\/wp-json\/wp\/v2\/types\/page"}],"author":[{"embeddable":true,"href":"https:\/\/www.oceanblogs.org\/walvis2\/wp-json\/wp\/v2\/users\/92"}],"replies":[{"embeddable":true,"href":"https:\/\/www.oceanblogs.org\/walvis2\/wp-json\/wp\/v2\/comments?post=82"}],"version-history":[{"count":23,"href":"https:\/\/www.oceanblogs.org\/walvis2\/wp-json\/wp\/v2\/pages\/82\/revisions"}],"predecessor-version":[{"id":164,"href":"https:\/\/www.oceanblogs.org\/walvis2\/wp-json\/wp\/v2\/pages\/82\/revisions\/164"}],"wp:attachment":[{"href":"https:\/\/www.oceanblogs.org\/walvis2\/wp-json\/wp\/v2\/media?parent=82"}],"curies":[{"name":"wp","href":"https:\/\/api.w.org\/{rel}","templated":true}]}}