{"id":2,"date":"2021-12-09T11:27:42","date_gmt":"2021-12-09T11:27:42","guid":{"rendered":"https:\/\/www.oceanblogs.org\/so288-combo\/?page_id=2"},"modified":"2022-01-10T09:25:47","modified_gmt":"2022-01-10T09:25:47","slug":"about","status":"publish","type":"page","link":"https:\/\/www.oceanblogs.org\/so288-combo\/about\/","title":{"rendered":"About"},"content":{"rendered":"\n<p>-english version below-<\/p>\n\n\n\n<p><strong>Hochaufl\u00f6sende Messverfahren, tiefe Untergrundabbildungen und visuelle Meeresbodenuntersuchungen werden kombiniert um neue Erkenntnisse zur Entstehung von Erdbeben zu generieren. Unter Leitung von Prof. Heidrun Kopp vom GEOMAR Helmholtz-Zentrum f\u00fcr Ozeanforschung Kiel wird die FS SONNE im Januar und Februar 2022 entlang der Plattengrenze zwischen S\u00fcdamerika und der ozeanischen Nazca-Platte neue, einzigartige Daten aufzeichnen.<\/strong><\/p>\n\n\n\n<figure class=\"wp-block-image size-full\"><img loading=\"lazy\" decoding=\"async\" width=\"1773\" height=\"1182\" src=\"http:\/\/www.oceanblogs.org\/so288-combo\/wp-content\/uploads\/sites\/84\/2021\/12\/151210_0155_0858_SO244_JSteffen-GEOMAR-lowres.jpg\" alt=\"\" class=\"wp-image-7\"\/><figcaption>Copyright: Jan Steffen, GEOMAR (CC BY 4.0)<\/figcaption><\/figure>\n\n\n\n<p>Der Ozeanboden stellt die \u00e4u\u00dfere feste H\u00fclle f\u00fcr \u00fcber 70% unseres Planeten dar. Dennoch ist diese \u201aHaut\u2018 keineswegs starr, sondern wird im Zuge der globalen Plattentektonik kontinuierlich bewegt und deformiert. Diese Abl\u00e4ufe f\u00fchren dazu, dass sich tektonische Spannungen im Meeresboden aufbauen k\u00f6nnen, die \u00fcber lange Zeitr\u00e4ume so gro\u00df werden, dass sie sich pl\u00f6tzlich und meist (noch) unerwartet in einem Erdbeben entladen. Im marinen Bereich birgt dies bei Starkbeben zus\u00e4tzlich die Gefahr von Tsunamis, so wie im Jahr 2004 vor Sumatra oder im Jahr 2011 vor Japan. In unserer global eng vernetzten Gesellschaft und Wirtschaft haben solche Ereignisse auch Auswirkungen auf Deutschland, u.a. durch Tourismus, Verknappung von Ressourcen oder politische Weichenstellungen wie den Ausstieg aus der Atomkraft in Folge der Fukushima-Katastrophe. <\/p>\n\n\n\n<p>Nachtr\u00e4gliche Analysen zeigen, dass die Oberfl\u00e4chendeformation aufgrund des Spannungsabbaus w\u00e4hrend eines Erdbebens am Meeresboden konzentriert ist und daher oft mit der Ausl\u00f6sung von Tsunamis einhergeht. Der Meeresboden birgt somit Informationen \u00fcber Spannung und elastische Verformung, sowie zur Entstehung und Verlauf von Erdbeben und daraus resultierenden Tsunamis. Diese Informationen k\u00f6nnen methodisch durch das neue Feld der Meeresboden-Geod\u00e4sie \u00fcber akustische Distanzmessungen, Neigungs- und Druck\u00e4nderungsmessungen in hoher (cm) Aufl\u00f6sung gewonnen werden. Hierzu wurde im Rahmen des durch das BMBF gef\u00f6rderte Projekt GeoSEA (Geodetic Earthquake Observatory on the SEAfloor) ein Netzwerk an Messstationen entwickelt, um Deformationen direkt am Meeresboden erfassen zu k\u00f6nnen. <\/p>\n\n\n\n<p>Um zu einer verbesserten Gef\u00e4hrdungsabsch\u00e4tzung von Starkbeben zu gelangen, wurden im Jahr 2015 drei marine geod\u00e4tische Netzwerke vor Nord-Chile auf dem unteren und mittleren Kontinentalhang sowie dem \u201aouter rise\u2019 installiert, um die Deformation des Meeresbodens im Iquique-Segment der Plattengrenze zwischen S\u00fcdamerika und der Nazca-Platte aufzuzeichnen (<a href=\"https:\/\/www.oceanblogs.org\/oceannavigator\/2015\/11\/26\/so244-geosea-vorbereitungen-im-hafen\/\" data-type=\"URL\" data-id=\"https:\/\/www.oceanblogs.org\/oceannavigator\/2015\/11\/26\/so244-geosea-vorbereitungen-im-hafen\/\" target=\"_blank\" rel=\"noreferrer noopener\">GeoSEA Netzwerk, SONNE Fahrt SO244<\/a>). <\/p>\n\n\n\n<p>Ziel dieser Beobachtungen ist es, den oben beschriebenen Spannungsaufbau direkt messen zu k\u00f6nnen und dar\u00fcber die Absch\u00e4tzungen der Gef\u00e4hrdungslage zu verfeinern. Da die erwarteten Deformationsraten gering sind (maximal einige cm\/Jahr), mussten die Stationen mehrere Jahre am Meeresboden verbleiben, wo sie autonom in Wassertiefen zwischen 2.5 und \u00fcber 5 km gemessen haben. Die Bergung der Meeresbodentransponder nach ihrer 3-j\u00e4hrigen Batterielaufzeit erfordert den Einsatz eines ferngesteuerten Unterwasserroboters (auch remotely operated vehicle oder kurz ROV genannt). Die Transponder messen die Distanzen innerhalb der Netzwerke sowie die Neigung, den Druck und die Wasser-Temperatur. Die Meeresbodenmorphologie ist durch hochaufl\u00f6sende Kartierungen mittels Unterwasserdrohnen (autonomous underwater vehicles oder AUV) untersucht, allerdings fehlt eine Kenntnis der Strukturen unterhalb des Meeresbodens im Bereich der Netzwerke. Diese sollen mittels hochaufl\u00f6sender seismischer Verfahren (inkl. Ozeanbodenseismometern, um die Geschwindigkeitstiefeninformation zu erhalten und Tiefensektionen erstellen zu k\u00f6nnen) erg\u00e4nzt durch visuelle Meeresbodenuntersuchungen (ROV Kamera) und Probennahme aufgezeigt werden, um die geod\u00e4tischen Signale differenziert nach ihrem Ursprung bewerten zu k\u00f6nnen, in Abh\u00e4ngigkeit vom Grad von Kopplung oder Kriechen interseismischer Art, sowie der Verteilung der Deformation an der Plattengrenze und innerhalb der Oberplatte. Die Expedition wird so zu einem besseren Verst\u00e4ndnis von geologischen Risiken beitragen. Dass Geo-Gefahren, zu denen Erdbeben und Tsunamis geh\u00f6ren, auch hier in Europa eine Rolle spielen, zeigt das aktuelle <a href=\"https:\/\/www.marineboard.eu\/publications\/marine-geohazards-safeguarding-society-and-blue-economy-hidden-threat\" target=\"_blank\" rel=\"noreferrer noopener\">Positionspapier<\/a> des European Marine Board. \u201eWichtigstes Ziel unseres Papiers ist es, diese Bedrohungen sichtbar zu machen\u201c, sagt Heidrun Kopp. \u201eWir m\u00f6chten dazu beitragen, dass den Menschen und den Entscheidern die Gefahren k\u00fcnftig st\u00e4rker bewusst sind.<\/p>\n\n\n\n\n\n<p><strong>English version<\/strong><\/p>\n\n\n\n<p><strong>High-resolution seismic methods, deep subsurface images and visual seabed investigations are combined to generate new knowledge about the origins of earthquakes. Under the direction of Prof. Heidrun Kopp from the GEOMAR Helmholtz Center for Ocean Research Kiel, RV SONNE will record new, unique datasets along the plate boundary between the South America and the oceanic Nazca Plate in January and February 2022.<\/strong><\/p>\n\n\n\n<p>The ocean floor is the outer solid shell for over 70% of our planet. Nevertheless, this &#8216;skin&#8217; is by no means rigid, but is continuously moved and deformed in the course of global plate tectonics. These processes lead to tectonic stresses building up in the seafloor, which over long periods of time become so large that they suddenly and usually (still) unexpectedly discharge in an earthquake. In the marine environment, strong earthquakes also pose the risk of tsunamis, as in 2004 off Sumatra or in 2011 off Japan. In our closely interconnected global society and economy, such events also have an impact on Germany, e.g. through tourism, scarcity of resources or political decisions such as the phase-out of nuclear power in the wake of the Fukushima disaster. <\/p>\n\n\n\n<p>Subsequent analyses show that surface deformation due to stress release during an earthquake is concentrated on the seafloor and is therefore often associated with the triggering of tsunamis. The seafloor thus holds information on stress and elastic deformation, as well as on the generation and progression of earthquakes and resulting tsunamis. This information can be methodically obtained through the new field of seafloor geodesy via acoustic distance measurements, tilt and pressure change measurements in high (cm) resolution. <\/p>\n\n\n\n<p>For this purpose, a network of measuring stations was developed within the framework of the GeoSEA project (Geodetic Earthquake Observatory on the SEAfloor), which is funded by the BMBF, in order to be able to record deformation directly on the seafloor. In order to arrive at an improved hazard assessment of strong earthquakes, three marine geodetic networks were installed off northern Chile in 2015 on the lower and middle continental slope and the &#8216;outer rise&#8217; to record seafloor deformation in the Iquique segment of the plate boundary between South America and the Nazca Plate <a href=\"https:\/\/www.oceanblogs.org\/oceannavigator\/2015\/11\/26\/so244-geosea-vorbereitungen-im-hafen\/\" data-type=\"URL\" data-id=\"https:\/\/www.oceanblogs.org\/oceannavigator\/2015\/11\/26\/so244-geosea-vorbereitungen-im-hafen\/\" target=\"_blank\" rel=\"noreferrer noopener\">(GeoSEA network, SONNE cruise SO244<\/a>). <\/p>\n\n\n\n<p>The goal of these observations is to be able to directly measure the stress buildup described above and use it to refine estimates of the hazard situation. Since the expected deformation rates are low (a few cm\/year at most), the stations had to remain on the seafloor for several years, where they measured autonomously in water depths ranging from 2.5 to over 5 km. Recovery of the seafloor transponders after their 3-year battery life requires the use of a remotely operated underwater robot (also called a remotely operated vehicle or ROV for short). The transponders measure distances within the networks as well as slope, pressure, and water temperature. Seafloor morphology has been studied by high-resolution mapping using underwater drones (autonomous underwater vehicles or AUVs), but knowledge of the structures beneath the seafloor in the vicinity of the networks is lacking. These should be revealed by high-resolution seismic techniques (including ocean bottom seismometers to obtain velocity-depth information and to be able to establish depth sections) complemented by visual seafloor surveys (ROV camera) and sampling to be able to evaluate the geodetic signals differentiated according to their origin, depending on the degree of coupling or creep of interseismic type, as well as the distribution of deformation at the plate boundary and within the upper continental plate. The expedition will thus contribute to a better understanding of geological risks. The current <a href=\"https:\/\/www.marineboard.eu\/publications\/marine-geohazards-safeguarding-society-and-blue-economy-hidden-threat\" target=\"_blank\" rel=\"noreferrer noopener\">position<\/a><a href=\"https:\/\/www.marineboard.eu\/publications\/marine-geohazards-safeguarding-society-and-blue-economy-hidden-threat\"> paper<\/a> of the European Marine Board shows that geohazards, which include earthquakes and tsunamis, also play a role here in Europe. \u201cThe most important goal of our paper is to make these threats visible,\u201d says Heidrun Kopp. \u201cWe want to help make citizens and decision-makers more aware of the dangers in the future.\u201d<\/p>\n\n\n\n<figure class=\"wp-block-image size-full\"><img loading=\"lazy\" decoding=\"async\" width=\"3543\" height=\"2362\" src=\"http:\/\/www.oceanblogs.org\/so288-combo\/wp-content\/uploads\/sites\/84\/2021\/12\/151126_1339_043_SO244_JSteffen-GEOMAR_original.jpg\" alt=\"\" class=\"wp-image-23\"\/><figcaption>Copyright: Jan Steffen, GEOMAR,(CC BY 4.0)<\/figcaption><\/figure>\n","protected":false},"excerpt":{"rendered":"<p>-english version below- Hochaufl\u00f6sende Messverfahren, tiefe Untergrundabbildungen und visuelle Meeresbodenuntersuchungen werden kombiniert um neue Erkenntnisse zur Entstehung von Erdbeben zu generieren. Unter Leitung von Prof. Heidrun Kopp vom GEOMAR Helmholtz-Zentrum f\u00fcr Ozeanforschung Kiel wird die FS SONNE im Januar und Februar 2022 entlang der Plattengrenze zwischen S\u00fcdamerika und der ozeanischen Nazca-Platte neue, einzigartige Daten aufzeichnen. [&hellip;]<\/p>\n","protected":false},"author":231,"featured_media":0,"parent":0,"menu_order":0,"comment_status":"closed","ping_status":"closed","template":"","meta":{"footnotes":""},"class_list":["post-2","page","type-page","status-publish","hentry"],"_links":{"self":[{"href":"https:\/\/www.oceanblogs.org\/so288-combo\/wp-json\/wp\/v2\/pages\/2","targetHints":{"allow":["GET"]}}],"collection":[{"href":"https:\/\/www.oceanblogs.org\/so288-combo\/wp-json\/wp\/v2\/pages"}],"about":[{"href":"https:\/\/www.oceanblogs.org\/so288-combo\/wp-json\/wp\/v2\/types\/page"}],"author":[{"embeddable":true,"href":"https:\/\/www.oceanblogs.org\/so288-combo\/wp-json\/wp\/v2\/users\/231"}],"replies":[{"embeddable":true,"href":"https:\/\/www.oceanblogs.org\/so288-combo\/wp-json\/wp\/v2\/comments?post=2"}],"version-history":[{"count":4,"href":"https:\/\/www.oceanblogs.org\/so288-combo\/wp-json\/wp\/v2\/pages\/2\/revisions"}],"predecessor-version":[{"id":47,"href":"https:\/\/www.oceanblogs.org\/so288-combo\/wp-json\/wp\/v2\/pages\/2\/revisions\/47"}],"wp:attachment":[{"href":"https:\/\/www.oceanblogs.org\/so288-combo\/wp-json\/wp\/v2\/media?parent=2"}],"curies":[{"name":"wp","href":"https:\/\/api.w.org\/{rel}","templated":true}]}}