{"id":2,"date":"2019-04-17T15:41:20","date_gmt":"2019-04-17T14:41:20","guid":{"rendered":"http:\/\/www.oceanblogs.org\/stemmcss-pos534\/?page_id=2"},"modified":"2019-05-11T10:58:30","modified_gmt":"2019-05-11T09:58:30","slug":"about","status":"publish","type":"page","link":"https:\/\/www.oceanblogs.org\/pos534\/about\/","title":{"rendered":"About"},"content":{"rendered":"\n<p><\/p>\n\n\n\n<p>Die Expedition POS534 findet im Rahmen des EU-Projektes STEMM-CCS statt. Auf dem Arbeitsprogramm stehen dabei: <\/p>\n\n\n\n<p>1) Entwicklung und Test von Nachweisverfahren f\u00fcr untermeerische CO2-Leckagen: Messung benthischer und pelagischer Kohlenstofffl\u00fcsse mittels lab-on-a-chip Technologie, Optoden, Membraneinlass-Massenspektrometrie, und (Multibeam) Echolot-Quantifizierung.<\/p>\n\n\n\n<p>2) Tests unter realen Bedingungen w\u00e4hrend eines kontrollierten CO2 -Freisetzungsexperiments bei \u201c<a href=\"https:\/\/www.youtube.com\/watch?v=FteAvILEvzk\">Goldeneye<\/a>\u201c.<\/p>\n\n\n\n<p>3) Messdaten zur Porenwasserchemie, benthischer Stoffflu\u0308sse, Wassers\u00e4ulenchemie werden mit Hilfe von numerischen Modellen interpretiert und zu einer verbesserten Praxis bei der Feststellung der Integrit\u00e4t von untermeerischen CO2-Lagerst\u00e4tten fu\u0308hren.<\/p>\n\n\n\n<p>4) Hydroakustischen Untersuchungen der Wassers\u00e4ule und Spurengasmessungen der Atmosph\u00e4re oberhalb von verlassenen Bohrl\u00f6chern in der Nordsee ergeben eine robustere statistische Absch\u00e4tzung des Kohlenstoffeintrages durch sogenannte \u201eleaky wells\u201c.<\/p>\n\n\n\n<p><strong>Kontakt f\u00fcr diesen Blog:<\/strong><\/p>\n\n\n\n<p>Dr. Mark Schmidt (wiss. Fahrtleiter POS534)<\/p>\n\n\n\n<p>GEOMAR Helmholtz-Zentrum f\u00fcr Ozeanforschung Kiel<br>Wischhofstra\u00dfe 1-3<br>24148 Kiel<br><a rel=\"noreferrer noopener\" aria-label=\"https:\/\/www.geomar.de\/~mschmidt\n (opens in a new tab)\" href=\"https:\/\/www.geomar.de\/~mschmidt\" target=\"_blank\">https:\/\/www.geomar.de\/~mschmidt<br><\/a><\/p>\n\n\n\n<p><\/p>\n\n\n\n<p>For an English version of this blog go to the <a rel=\"noreferrer noopener\" aria-label=\"STEMM-CCS website (opens in a new tab)\" href=\"https:\/\/stemmccs.blog\/\" target=\"_blank\">STEMM-CCS website<\/a><\/p>\n","protected":false},"excerpt":{"rendered":"<p>Die Expedition POS534 findet im Rahmen des EU-Projektes STEMM-CCS statt. Auf dem Arbeitsprogramm stehen dabei: 1) Entwicklung und Test von Nachweisverfahren f\u00fcr untermeerische CO2-Leckagen: Messung benthischer und pelagischer Kohlenstofffl\u00fcsse mittels lab-on-a-chip Technologie, Optoden, Membraneinlass-Massenspektrometrie, und (Multibeam) Echolot-Quantifizierung. 2) Tests unter realen Bedingungen w\u00e4hrend eines kontrollierten CO2 -Freisetzungsexperiments bei \u201cGoldeneye\u201c. 3) Messdaten zur Porenwasserchemie, benthischer Stoffflu\u0308sse, [&hellip;]<\/p>\n","protected":false},"author":4,"featured_media":0,"parent":0,"menu_order":0,"comment_status":"closed","ping_status":"open","template":"","meta":{"footnotes":""},"class_list":["post-2","page","type-page","status-publish","hentry"],"_links":{"self":[{"href":"https:\/\/www.oceanblogs.org\/pos534\/wp-json\/wp\/v2\/pages\/2","targetHints":{"allow":["GET"]}}],"collection":[{"href":"https:\/\/www.oceanblogs.org\/pos534\/wp-json\/wp\/v2\/pages"}],"about":[{"href":"https:\/\/www.oceanblogs.org\/pos534\/wp-json\/wp\/v2\/types\/page"}],"author":[{"embeddable":true,"href":"https:\/\/www.oceanblogs.org\/pos534\/wp-json\/wp\/v2\/users\/4"}],"replies":[{"embeddable":true,"href":"https:\/\/www.oceanblogs.org\/pos534\/wp-json\/wp\/v2\/comments?post=2"}],"version-history":[{"count":5,"href":"https:\/\/www.oceanblogs.org\/pos534\/wp-json\/wp\/v2\/pages\/2\/revisions"}],"predecessor-version":[{"id":69,"href":"https:\/\/www.oceanblogs.org\/pos534\/wp-json\/wp\/v2\/pages\/2\/revisions\/69"}],"wp:attachment":[{"href":"https:\/\/www.oceanblogs.org\/pos534\/wp-json\/wp\/v2\/media?parent=2"}],"curies":[{"name":"wp","href":"https:\/\/api.w.org\/{rel}","templated":true}]}}