{"id":46,"date":"2020-08-14T16:56:50","date_gmt":"2020-08-14T14:56:50","guid":{"rendered":"http:\/\/www.oceanblogs.org\/omax\/?page_id=46"},"modified":"2020-08-17T22:42:20","modified_gmt":"2020-08-17T20:42:20","slug":"authors","status":"publish","type":"page","link":"https:\/\/www.oceanblogs.org\/omax\/authors\/","title":{"rendered":"Outreach-Team"},"content":{"rendered":"\n<div class=\"wp-block-image is-style-rounded\"><figure class=\"alignright size-large is-resized\"><img loading=\"lazy\" decoding=\"async\" src=\"https:\/\/www.oceanblogs.org\/omax\/wp-content\/uploads\/sites\/71\/2020\/08\/DSCF6920-2.jpg\" alt=\"\" class=\"wp-image-95\" width=\"221\" height=\"173\" srcset=\"https:\/\/www.oceanblogs.org\/omax\/wp-content\/uploads\/sites\/71\/2020\/08\/DSCF6920-2.jpg 975w, https:\/\/www.oceanblogs.org\/omax\/wp-content\/uploads\/sites\/71\/2020\/08\/DSCF6920-2-300x236.jpg 300w, https:\/\/www.oceanblogs.org\/omax\/wp-content\/uploads\/sites\/71\/2020\/08\/DSCF6920-2-768x605.jpg 768w\" sizes=\"auto, (max-width: 221px) 100vw, 221px\" \/><\/figure><\/div>\n\n\n\n<p><strong>Helene-Sophie Hilbert<\/strong>, <strong>Social Media<\/strong><br>Helene is a research assistant and prospective PhD student in the research unit &#8216;Marine Geodynamics&#8217; with focus on &#8216;Plate tectonics&#8217; at GEOMAR&nbsp;Helmholtz-Zentrum f\u00fcr Ozeanforschung Kiel.<br>contact:&nbsp;<a rel=\"noreferrer noopener\" href=\"mailto:hhilbert@geomar.de\" target=\"_blank\">hhilbert@geomar.de<\/a><\/p>\n\n\n\n<p><strong>Anina-Kaja Hinz<\/strong>, <strong>technical assistance<\/strong><br>Anina is currently working on her master&#8217;s thesis in geophysics (M.Sc.) at Christian-Albrechts-University of Kiel. <br>contact for duration of cruise: a.hinz@sonne.briese-research.de<\/p>\n\n\n\n<p><\/p>\n\n\n\n<div class=\"wp-block-image is-style-rounded\"><figure class=\"alignright size-large is-resized\"><img loading=\"lazy\" decoding=\"async\" src=\"https:\/\/www.oceanblogs.org\/omax\/wp-content\/uploads\/sites\/71\/2020\/08\/DSC_1252-2-1024x760.jpg\" alt=\"\" class=\"wp-image-84\" width=\"221\" height=\"163\" srcset=\"https:\/\/www.oceanblogs.org\/omax\/wp-content\/uploads\/sites\/71\/2020\/08\/DSC_1252-2-1024x760.jpg 1024w, https:\/\/www.oceanblogs.org\/omax\/wp-content\/uploads\/sites\/71\/2020\/08\/DSC_1252-2-300x223.jpg 300w, https:\/\/www.oceanblogs.org\/omax\/wp-content\/uploads\/sites\/71\/2020\/08\/DSC_1252-2-768x570.jpg 768w, https:\/\/www.oceanblogs.org\/omax\/wp-content\/uploads\/sites\/71\/2020\/08\/DSC_1252-2-1536x1140.jpg 1536w, https:\/\/www.oceanblogs.org\/omax\/wp-content\/uploads\/sites\/71\/2020\/08\/DSC_1252-2-2048x1520.jpg 2048w\" sizes=\"auto, (max-width: 221px) 100vw, 221px\" \/><\/figure><\/div>\n\n\n\n<p><strong>Johanna Klein<\/strong>, <strong>Blog<\/strong><br>Johanna studys &#8216;Physics of the Earth System&#8217; (B.Sc.) at Christian-Albrechts-University of Kiel and is a scientific assistant in the research unit &#8216;Marine Geodynamics&#8217; at GEOMAR&nbsp;Helmholtz-Zentrum f\u00fcr Ozeanforschung Kiel.<br>contact:&nbsp;<a rel=\"noreferrer noopener\" href=\"mailto:jklein@geomar.de\" target=\"_blank\">jklein@geomar.de<\/a><\/p>\n\n\n\n<div class=\"wp-block-image is-style-rounded\"><figure class=\"alignright size-large is-resized\"><img loading=\"lazy\" decoding=\"async\" src=\"https:\/\/www.oceanblogs.org\/omax\/wp-content\/uploads\/sites\/71\/2020\/08\/DSC_1487-2.jpg\" alt=\"\" class=\"wp-image-96\" width=\"146\" height=\"194\" srcset=\"https:\/\/www.oceanblogs.org\/omax\/wp-content\/uploads\/sites\/71\/2020\/08\/DSC_1487-2.jpg 768w, https:\/\/www.oceanblogs.org\/omax\/wp-content\/uploads\/sites\/71\/2020\/08\/DSC_1487-2-226x300.jpg 226w\" sizes=\"auto, (max-width: 146px) 100vw, 146px\" \/><\/figure><\/div>\n\n\n\n<p><strong>Thore Falk Sager<\/strong>, <strong>Photography and Film<\/strong><br>Thore is a PhD student in the research unit &#8216;Marine Geodynamics&#8217; with focus on &#8216;Marine Geohazards&#8217; in the project &#8216;TRISCO&#8217; at GEOMAR&nbsp;Helmholtz-Zentrum f\u00fcr Ozeanforschung Kiel.<br>contact:&nbsp;<a rel=\"noreferrer noopener\" href=\"mailto:tsager@geomar.de\" target=\"_blank\">tsager@geomar.de<\/a><\/p>\n\n\n\n<p><\/p>\n\n\n\n<hr class=\"wp-block-separator\" \/>\n\n\n\n<p><\/p>\n\n\n\n<div class=\"wp-block-image is-style-rounded\"><figure class=\"alignleft size-large is-resized\"><img loading=\"lazy\" decoding=\"async\" src=\"http:\/\/www.oceanblogs.org\/omax\/wp-content\/uploads\/sites\/71\/2020\/08\/DSCF6920-2.jpg\" alt=\"\" class=\"wp-image-95\" width=\"187\" height=\"147\" srcset=\"https:\/\/www.oceanblogs.org\/omax\/wp-content\/uploads\/sites\/71\/2020\/08\/DSCF6920-2.jpg 975w, https:\/\/www.oceanblogs.org\/omax\/wp-content\/uploads\/sites\/71\/2020\/08\/DSCF6920-2-300x236.jpg 300w, https:\/\/www.oceanblogs.org\/omax\/wp-content\/uploads\/sites\/71\/2020\/08\/DSCF6920-2-768x605.jpg 768w\" sizes=\"auto, (max-width: 187px) 100vw, 187px\" \/><\/figure><\/div>\n\n\n\n<p><strong>Helene-Sophie Hilbert<\/strong>, <strong>Social Media<\/strong><br>Helene ist wissenschaftliche Angestellte und angehende Doktorandin in der Forschungseinheit &#8216;Marine Geodynamik&#8217; mit Schwerpunkt &#8216;Plattentektonik&#8217; am GEOMAR&nbsp;Helmholtz-Zentrum f\u00fcr Ozeanforschung Kiel.<br>Kontakt:&nbsp;<a rel=\"noreferrer noopener\" href=\"mailto:hhilbert@geomar.de\" target=\"_blank\">hhilbert@geomar.de<\/a><\/p>\n\n\n\n<p><strong>Anina-Kaja Hinz,<\/strong> <strong>technische Assistenz<\/strong><br>Anina schreibt zur Zeit an ihrer Masterarbeit im Bereich der Geophysik an der Christian-Albrechts-Universit\u00e4t zu Kiel. <br>Kontakt w\u00e4hrend der Ausfahrt: a.hinz@sonne.briese-research.de<\/p>\n\n\n\n<div class=\"wp-block-image is-style-rounded\"><figure class=\"alignleft size-large is-resized\"><img loading=\"lazy\" decoding=\"async\" src=\"http:\/\/www.oceanblogs.org\/omax\/wp-content\/uploads\/sites\/71\/2020\/08\/DSC_1252-2-1024x760.jpg\" alt=\"\" class=\"wp-image-84\" width=\"196\" height=\"145\" srcset=\"https:\/\/www.oceanblogs.org\/omax\/wp-content\/uploads\/sites\/71\/2020\/08\/DSC_1252-2-1024x760.jpg 1024w, https:\/\/www.oceanblogs.org\/omax\/wp-content\/uploads\/sites\/71\/2020\/08\/DSC_1252-2-300x223.jpg 300w, https:\/\/www.oceanblogs.org\/omax\/wp-content\/uploads\/sites\/71\/2020\/08\/DSC_1252-2-768x570.jpg 768w, https:\/\/www.oceanblogs.org\/omax\/wp-content\/uploads\/sites\/71\/2020\/08\/DSC_1252-2-1536x1140.jpg 1536w, https:\/\/www.oceanblogs.org\/omax\/wp-content\/uploads\/sites\/71\/2020\/08\/DSC_1252-2-2048x1520.jpg 2048w\" sizes=\"auto, (max-width: 196px) 100vw, 196px\" \/><\/figure><\/div>\n\n\n\n<p><strong>Johanna Klein,&nbsp;Blog Gestaltung<\/strong><br>Johanna schlie\u00dft gegenw\u00e4rtig ihren Bachelor im Studiengang &#8216;Physik des Erdsystems&#8217; an der Christian-Albrechts-Universit\u00e4t zu Kiel ab und arbeitet als Hilfswissenschaftlerin in der Forschungseinheit &#8216;Marine Geodynamik&#8217; am GEOMAR, Helmholtz-Zentrum f\u00fcr Ozeanforschung Kiel.<br>Kontakt:&nbsp;<a rel=\"noreferrer noopener\" href=\"mailto:jklein@geomar.de\" target=\"_blank\">jklein@geomar.de<\/a><\/p>\n\n\n\n<div class=\"wp-block-image is-style-rounded\"><figure class=\"alignleft size-large is-resized\"><img loading=\"lazy\" decoding=\"async\" src=\"http:\/\/www.oceanblogs.org\/omax\/wp-content\/uploads\/sites\/71\/2020\/08\/DSC_1487-2.jpg\" alt=\"\" class=\"wp-image-96\" width=\"164\" height=\"217\" srcset=\"https:\/\/www.oceanblogs.org\/omax\/wp-content\/uploads\/sites\/71\/2020\/08\/DSC_1487-2.jpg 768w, https:\/\/www.oceanblogs.org\/omax\/wp-content\/uploads\/sites\/71\/2020\/08\/DSC_1487-2-226x300.jpg 226w\" sizes=\"auto, (max-width: 164px) 100vw, 164px\" \/><\/figure><\/div>\n\n\n\n<p><strong>Thore Falk Sager<\/strong>, <strong>Kameraarbeit<\/strong><br>Thore ist Doktorand in der Forschungseinheit &#8216;Marine Geodynamik&#8217; mit Schwerpunkt &#8216;Submarine Gefahren&#8217; im Projekt &#8216;TRISCO&#8217; am GEOMAR&nbsp;Helmholtz-Zentrum f\u00fcr Ozeanforschung Kiel.<br>Kontakt:&nbsp;<a rel=\"noreferrer noopener\" href=\"mailto:tsager@geomar.de\" target=\"_blank\">tsager@geomar.de<\/a><\/p>\n","protected":false},"excerpt":{"rendered":"<p>Helene-Sophie Hilbert, Social MediaHelene is a research assistant and prospective PhD student in the research unit &#8216;Marine Geodynamics&#8217; with focus on &#8216;Plate tectonics&#8217; at GEOMAR&nbsp;Helmholtz-Zentrum f\u00fcr Ozeanforschung Kiel.contact:&nbsp;hhilbert@geomar.de Anina-Kaja Hinz, technical assistanceAnina is currently working on her master&#8217;s thesis in geophysics (M.Sc.) at Christian-Albrechts-University of Kiel. contact for duration of cruise: a.hinz@sonne.briese-research.de Johanna Klein, BlogJohanna [&hellip;]<\/p>\n","protected":false},"author":211,"featured_media":0,"parent":0,"menu_order":0,"comment_status":"closed","ping_status":"closed","template":"","meta":{"footnotes":""},"class_list":["post-46","page","type-page","status-publish","hentry"],"_links":{"self":[{"href":"https:\/\/www.oceanblogs.org\/omax\/wp-json\/wp\/v2\/pages\/46","targetHints":{"allow":["GET"]}}],"collection":[{"href":"https:\/\/www.oceanblogs.org\/omax\/wp-json\/wp\/v2\/pages"}],"about":[{"href":"https:\/\/www.oceanblogs.org\/omax\/wp-json\/wp\/v2\/types\/page"}],"author":[{"embeddable":true,"href":"https:\/\/www.oceanblogs.org\/omax\/wp-json\/wp\/v2\/users\/211"}],"replies":[{"embeddable":true,"href":"https:\/\/www.oceanblogs.org\/omax\/wp-json\/wp\/v2\/comments?post=46"}],"version-history":[{"count":8,"href":"https:\/\/www.oceanblogs.org\/omax\/wp-json\/wp\/v2\/pages\/46\/revisions"}],"predecessor-version":[{"id":97,"href":"https:\/\/www.oceanblogs.org\/omax\/wp-json\/wp\/v2\/pages\/46\/revisions\/97"}],"wp:attachment":[{"href":"https:\/\/www.oceanblogs.org\/omax\/wp-json\/wp\/v2\/media?parent=46"}],"curies":[{"name":"wp","href":"https:\/\/api.w.org\/{rel}","templated":true}]}}