{"id":13,"date":"2015-08-05T11:17:11","date_gmt":"2015-08-05T10:17:11","guid":{"rendered":"http:\/\/www.oceanblogs.org\/msm45\/?page_id=13"},"modified":"2015-08-05T11:22:34","modified_gmt":"2015-08-05T10:22:34","slug":"uber-msm-45-von-nuuk-nach-halifax","status":"publish","type":"page","link":"https:\/\/www.oceanblogs.org\/msm45\/uber-msm-45-von-nuuk-nach-halifax\/","title":{"rendered":"\u00dcber MSM 45"},"content":{"rendered":"<p><em>(English version below)<\/em><\/p>\n<p><strong>Von Nuuk nach Halifax<\/strong><\/p>\n<p>Die Labradorsee ist eines der wichtigen Randmeere in subpolaren Regionen. Sie liegt zwischen Gr\u00f6nland und der Nordostk\u00fcste von Kanada. Die Tiefenwasserbildung in dieser Region gilt als Stabilisator der nordatlantischen thermohalinen Zirkulation, die mit dem Nordatlantikstrom warmes Wasser nach Norden transportiert und somit einen entscheidenden Einfluss auf das Klima in Nordeuropa und Nordamerika hat.<\/p>\n<p>Die Bildung des Tiefenwassers in der Labradorsee wird einerseits durch das Ausk\u00fchlen und Gefrieren des Oberfl\u00e4chenwassers im Winter kontrolliert, andererseits h\u00e4ngt die Tiefenwasserbildung von der Balance von Frisch- und Salzwasser in der Labrador See ab. Untersuchungen, welche die Ver\u00e4nderungen in der Ozeanzirkulation am \u00dcbergang zwischen der letzten Eiszeit (vor 25.000 Jahren) und der heutigen Warmzeit rekonstruieren, zeigen, dass ein erh\u00f6hter Frischwassereintrag in der Labradorsee zu einer Schw\u00e4chung der thermohalinen Zirkulation und somit zu einer Abk\u00fchlung des Klimas in den mittleren und hohen Breiten auf der Nordhalbkugel f\u00fchren kann. Die Ursache f\u00fcr den beobachteten, erh\u00f6hten Frischwassereintrag war in dieser \u00dcbergangszeit das Abschmelzen riesiger Gletscher, die vor 25.000 Jahren den amerikanischen Kontinent und Gr\u00f6nland bedeckten.<br \/>\nVor dem Hintergrund der anthropogen Klimaerw\u00e4rmung stellen sich die Fragen: Wie reagiert die Labradorsee auf ein Abschmelzen des Gr\u00f6nland-Eisschildes und welchen Einfluss hat der erwartete Frischwasserzufluss auf die nordatlantische thermohaline Zirkulation?<\/p>\n<p>Ziel der Forschungsexpeditionen <strong>MSM 45<\/strong> ist es, ein besseres Verst\u00e4ndnis \u00fcber den Einfluss von Frischwasser auf die thermohaline Zirkulation zu erhalten. Daf\u00fcr werden Zeiten mit extremen nat\u00fcrlichen Klimaschwankungen untersucht, die zum Beispiel am \u00dcbergang zwischen der letzten Eiszeit und der heutigen Warmzeit aufgetreten sind. Zus\u00e4tzliches Ziel ist die Gewinnung von hochaufl\u00f6senden Pal\u00e4oklimadatens\u00e4tzen von den vergangenen 50 bis 2.000 Jahren. Die Verkn\u00fcpfung dieser Daten mit historischen Klimabeobachtungen aus der Labradorseeregion kann dazu genutzt werden, den historisch \u00fcberlieferten Datensatz um mehrere Jahrtausende zu erweitern. Diese neu gewonnenen Datens\u00e4tze werden mit den Ergebnissen von aktuellen hydrografischen Messprojekten aus der Labradorsee verglichen. Die daraus gewonnenen Erkenntnisse dienen dazu, die heute beobachteten Klimaver\u00e4nderungen in der Labradorsee besser zu verstehen.<\/p>\n<p>Die Fahrtroute <strong>MSM 45<\/strong> f\u00fchrt vom gr\u00f6nl\u00e4ndischen Nuuk \u00fcber die Labradorsee bis nach Halifax in Kanada. In insgesamt acht Arbeitsgebieten (u.a. auf dem Gr\u00f6nland Schelf, im zentralen Labradorbecken und am Westrand der Labradorsee) sollen auf dieser Fahrt neue Sedimentkerne gewonnen werden, die hochaufl\u00f6sende Sequenzen des letzten Deglazials und des Holoz\u00e4ns enthalten. Bei der Beprobung mit Sedimentkernen sind die obersten Zentimeter der Sedimentabfolge oftmals nur schlecht oder gar nicht erhalten. Aus diesem Grund wird zus\u00e4tzlich an jeder Kernstation ein Multicorer eingesetzt. Mit Hilfe dieses Ger\u00e4tes werden die obersten 30-40 cm des Sedimentes beprobt. Die gewonnenen Proben dienen dazu, die ungest\u00f6rte Sediment-Bodenwasser-Grenzfl\u00e4che und die vergangenen Jahrhunderte des Pal\u00e4odatenatzes zu erfassen. Zus\u00e4tzlich zu den Sedimentproben wird die Wassers\u00e4ule mit Wasserproben und Planktonnetzen beprobt, um die Verteilung der Mikrofossilien und deren chemischer Zusammensetzung sowie terrigene und marine anorganische und organische Partikelzusammensetzungen zu ermitteln. Dadurch sollen die chemischen Signaturen der Sedimente und darin enthaltenen Mikrofossilien besser mit den modernen Verteilungsmustern der ozeanografischen Wassermassen und des Ausstroms der gro\u00dfen Flussm\u00fcndungen in Verbindung gesetzt werden k\u00f6nnen.<\/p>\n<p>Anhand der gewonnenen Sediment- und Wasserproben werden die Oberfl\u00e4chen- und Tiefenwassereigenschaften (Meereis, Temperatur, Salinit\u00e4t und biologische Produktivit\u00e4t) in der Labrador See sowie Ver\u00e4nderungen im kontinentalen Bereich (Schmelzwasserabfluss, terrigener Eintrag aus S\u00fcdwest Gr\u00f6nland, Labrador und Neufundland) \u00fcber die letzten 25.000 Jahre rekonstruiert. Diese Rekonstruktionen k\u00f6nnen uns helfen, den Zusammenhang zwischen Abschmelzen des gr\u00f6nl\u00e4ndischen und amerikanischen Eisschilds, Ver\u00e4nderungen in der Labrador See und Ver\u00e4nderungen in der thermohalinen Zirkulation besser zu verstehen und tragen damit zur Verbesserung von Klimavorhersagen bei.<\/p>\n<p>&nbsp;<\/p>\n<p><strong>About MSM45 \u2013 From Nuuk to Halifax<\/strong><\/p>\n<p>The Labrador Sea is one of the most important marginal seas in the subpolar regions. It is located between Greenland and the north-eastern coast of Canada. The deep water formation in this region is said to serve as a stabilizer for the North Atlantic thermohaline circulation which transports warm water via the North Atlantic Current towards the North and in this way has a decisive influence on the climate of Northern Europe and North America.<\/p>\n<p>On the one hand, the formation of the deep water in the Labrador Sea is controlled by the cooling down and freezing of the surface water, on the other hand, the deep water formation depends on the balance of fresh and salt water in the Labrador Sea. Tests which reconstruct the changes in the ocean circulation at the transition from the last ice age (25.000 years ago) to today\u2019s interglacial period show that a higher fresh water influx into the Labrador Sea can lead to a weakening of the thermohaline circulation and as a consequence, to a cooling down of the climate in the mid- and high-latitudes of the Northern Hemisphere. The cause for the observed, higher fresh water influx was the melting of huge glaciers, which covered the American continent and Greenland 25.000 years ago, in this transitional period.<br \/>\nAgainst the backdrop of the anthropogenic climate warming the following questions arise: How does the Labrador Sea react to a melting of the Greenland ice sheet and which influence does the expected fresh water influx have on the North Atlantic thermohaline circulation?<\/p>\n<p>The aim of the research expeditions <strong>MSM 45<\/strong> is to gain a better understanding about the influence of fresh water on thermohaline circulation. For this purpose, the times of the extreme natural climate fluctuations are being measured, for example, those which appeared at the transition from the last ice age to today\u2019s interglacial period. An additional aim is the extraction of high-definition paleoclimate data sets from the past 50 to 2.000 years. The linkage between these data with historical climate observations of the Labrador Sea region can be used to extent the historically transmitted data sets to several millennia. These newly gained data sets will be compared to the results of the current hydrographical measurement projects of the Labrador Sea. The resulting knowledge will serve as a means to better understand today\u2019s observed climate change in the Labrador Sea.<\/p>\n<p>The travel route<strong> MSM 45<\/strong> passes from the Greenland Nuuk over the Labrador Sea to Halifax in Canada. In total, in eight working areas (among other things, on the Greenland Shelf, in the central Labrador basin and at the Western margin of the Labrador Sea) new sediment cores which contain high-resolution sequences of the last Deglacial and Holocene will be extracted on this trip. During the test the upper centimeters of the sediment layers are often only preserved poorly or not at all. For this reason, a multi-core is additionally used at each core station. With the help of this gadget the upper 30-40 cm are being sampled. The retracted samples serve as a means to document the undisturbed sediment soil water interface and the past centuries of the paleo-data set. In addition to the sediment samples the water column is sampled with water samples and plankton nets in order to determine the distribution of the microfossils and their chemical composition, as well as terrigenous and marine inorganic and organic particle compositions. In this way the chemical structures of the sediments and the microfossils contained within them are to be better connected to the modern distribution patterns of the oceanographic water masses and the efflux of the big river mouths.<\/p>\n<p>Based on the extracted sediment and water samples the surface and deep water properties (sea ice, temperature, salinity and biological productivity) in the Labrador Sea as well as changes in the continental area (melt water runoff, terrigenous influx from Southwest Greenland, Labrador and Newfoundland) over the last 25.000 years are being reconstructed. These reconstructions can help us to better understand the relation between the melting of the Greenland and the American ice sheet, the changes in the Labrador Sea and the changes in the thermohaline circulation and therefore, contribute to a better understanding of climate prognoses.<\/p>\n","protected":false},"excerpt":{"rendered":"<p>(English version below) Von Nuuk nach Halifax Die Labradorsee ist eines der wichtigen Randmeere in subpolaren Regionen. Sie liegt zwischen Gr\u00f6nland und der Nordostk\u00fcste von Kanada. Die Tiefenwasserbildung in dieser Region gilt als Stabilisator der nordatlantischen thermohalinen Zirkulation, die mit dem Nordatlantikstrom warmes Wasser nach Norden transportiert und somit einen entscheidenden Einfluss auf das Klima [&hellip;]<\/p>\n","protected":false},"author":114,"featured_media":0,"parent":0,"menu_order":0,"comment_status":"open","ping_status":"open","template":"","meta":{"footnotes":""},"class_list":["post-13","page","type-page","status-publish","hentry"],"_links":{"self":[{"href":"https:\/\/www.oceanblogs.org\/msm45\/wp-json\/wp\/v2\/pages\/13","targetHints":{"allow":["GET"]}}],"collection":[{"href":"https:\/\/www.oceanblogs.org\/msm45\/wp-json\/wp\/v2\/pages"}],"about":[{"href":"https:\/\/www.oceanblogs.org\/msm45\/wp-json\/wp\/v2\/types\/page"}],"author":[{"embeddable":true,"href":"https:\/\/www.oceanblogs.org\/msm45\/wp-json\/wp\/v2\/users\/114"}],"replies":[{"embeddable":true,"href":"https:\/\/www.oceanblogs.org\/msm45\/wp-json\/wp\/v2\/comments?post=13"}],"version-history":[{"count":5,"href":"https:\/\/www.oceanblogs.org\/msm45\/wp-json\/wp\/v2\/pages\/13\/revisions"}],"predecessor-version":[{"id":52,"href":"https:\/\/www.oceanblogs.org\/msm45\/wp-json\/wp\/v2\/pages\/13\/revisions\/52"}],"wp:attachment":[{"href":"https:\/\/www.oceanblogs.org\/msm45\/wp-json\/wp\/v2\/media?parent=13"}],"curies":[{"name":"wp","href":"https:\/\/api.w.org\/{rel}","templated":true}]}}