{"id":2,"date":"2017-06-26T14:10:56","date_gmt":"2017-06-26T13:10:56","guid":{"rendered":"http:\/\/www.oceanblogs.org\/m139\/?page_id=2"},"modified":"2017-07-04T10:55:39","modified_gmt":"2017-07-04T09:55:39","slug":"about","status":"publish","type":"page","link":"https:\/\/www.oceanblogs.org\/m139\/about\/","title":{"rendered":"About M139"},"content":{"rendered":"<p style=\"text-align: center\"><img loading=\"lazy\" decoding=\"async\" class=\"wp-image-20 aligncenter\" src=\"http:\/\/www.oceanblogs.org\/m139\/wp-content\/uploads\/sites\/52\/2017\/06\/20170531_METEOR-Logo_Entwurf3-468x468.png\" alt=\"\" width=\"379\" height=\"379\" srcset=\"https:\/\/www.oceanblogs.org\/m139\/wp-content\/uploads\/sites\/52\/2017\/06\/20170531_METEOR-Logo_Entwurf3-468x468.png 468w, https:\/\/www.oceanblogs.org\/m139\/wp-content\/uploads\/sites\/52\/2017\/06\/20170531_METEOR-Logo_Entwurf3-135x135.png 135w, https:\/\/www.oceanblogs.org\/m139\/wp-content\/uploads\/sites\/52\/2017\/06\/20170531_METEOR-Logo_Entwurf3-768x768.png 768w, https:\/\/www.oceanblogs.org\/m139\/wp-content\/uploads\/sites\/52\/2017\/06\/20170531_METEOR-Logo_Entwurf3-1024x1024.png 1024w\" sizes=\"auto, (max-width: 379px) 100vw, 379px\" \/><\/p>\n<p>*<em>see German version below<\/em><\/p>\n<p>\u201c<strong>DEEP MICROBES<\/strong>\u201d is the title of the research cruise M139 headed by Prof. Dr. Hartmut Arndt at the University of Cologne (Germany) in collaboration with the University of Vienna (Austria), the GEOMAR in Kiel (Germany) and the ICBM at the University of Oldenburg (Germany). Our expedition will take us across the Atlantic Ocean from Crist\u00f3bal (Panama) to Mindelo (Cape Verde). This blog is to inform you about the latest news on board at the FS Meteor. Stay in contact with us and feel free to share all contents.<\/p>\n<p>Almost two-thirds of the biosphere of the Earth is deep sea with 98\u00a0% of its volume below 2,000\u00a0m depth. It is the least explored ecosystem of the Earth and is populated by many undiscovered species. The life in the deep sea is dominated by marine microbes which are true master regulators of the global carbon flux for the last 3.5\u00a0billion years. Yet the roles of prokaryotes (bacteria and archaea) and eukaryotes (protists) remain unclear. How many of them are out there, and how many types? What are their functions? How do they adapt to changes in environmental conditions and how will they respond to them in the future?<\/p>\n<p>Our team of biologists will investigate the vertical distribution of marine microbial biodiversity using a novel sampling method by sampling multiple deep-sea basins of the Atlantic Ocean from the ocean surface down to 5,000 m depth including the marine sediment. In addition, we will perform novel experiments to explore the interactions between marine protists, bacteria and viruses in the deep sea.<\/p>\n<p>\u201c<strong>BRIGHT FLOWS<\/strong>\u201d is the second mainstay of M139 and deals with volcanism on the maturing ocean plate. The geology of the deep seafloor is virtually unknown and basic knowledge of bathymetry is missing in most areas. Multibeam bathymetric mapping combined with co-registered acoustic backscatter intensities can change this situation. During the transit from Barbados to the Mid-Atlantic Ridge (M127, May 2016), an area of high acoustic reflectivity on 20 million years old seafloor was investigated that is linked to the presence of several small cones, implying the presence of lava flows. Two more research cruises crossing this area confirmed our findings. Further calculations suggest that these lava flows have a maximum sediment cover of 2\u00a0m (possibly less depending on the surface morphology and hence sonar reflectivity of the lava flows). The sediment accumulation rates (about 1 cm per 1000 years) led to 200 m of sediment in this area, but the thin sediment covering of the lava implies that the eruption occurred less than 500,000 years ago.<\/p>\n<p>Our team of geoscientists will investigate the nature of the high backscatter signals, make visual observations and rock sampling of the pretended lava flows to determine their age and composition, and map out their full areal extent to estimate the magma volumes erupted.<\/p>\n<p>&#8211;<\/p>\n<p>\u201e<strong>DEEP MICROBES<\/strong>\u201c ist der Titel der Forschungsexpedition M139 geleitet von Prof. Dr. Hartmut Arndt von der Universit\u00e4t zu K\u00f6ln in Zusammenarbeit mit der Universit\u00e4t Wien, dem GEOMAR in Kiel und dem ICBM der Universit\u00e4t Oldenburg. Unsere Expedition wird uns \u00fcber den Atlantischen Ozean von Crist\u00f3bal (Panama) bis nach Mindelo (Kap Verde) f\u00fchren. Dieser Blog informiert Sie \u00fcber die Neuigkeiten an Bord der FS Meteor. Bleiben Sie mit uns in Kontakt und teilen Sie gerne alle Inhalte.<\/p>\n<p>Fast zwei Drittel der Biosph\u00e4re der Erde bestehen aus Tiefsee mit 98 % ihres Volumens unterhalb von 2000 m Tiefe. Sie ist das am wenigsten erforschte \u00d6kosystem der Erde und ist von vielen unentdeckten Arten bev\u00f6lkert. Das Leben in der Tiefsee wird von marinen Mikroben dominiert, die seit 3,5 Milliarden Jahren die Hauptregulatoren der globalen Kohlenstofffl\u00fcsse sind. Dennoch ist die Rolle der Prokaryoten (Bakterien und Archaeen) und Eukaryoten (Protisten) immer noch unklar. Wie viele von ihnen gibt es da drau\u00dfen, und wie viele Typen? Was sind ihre Funktionen? Wie adaptieren sie sich an Ver\u00e4nderungen von Umweltbedingungen und wie reagieren sie darauf in der Zukunft?<\/p>\n<p>Unser Team von Biologen wird die vertikale Verteilung von mariner, mikrobieller Biodiversit\u00e4t erforschen, indem mithilfe einer neuen Beprobungsmethode mehrere Meeresbecken des Atlantischen Ozeans von der Wasseroberfl\u00e4che bis zu 5000 m Tiefe inklusive dem marinen Sediment beprobt werden. Dar\u00fcber hinaus werden wir neuartige Experimente durchf\u00fchren, um die Interaktionen zwischen marinen Protisten, Bakterien und Viren in der Tiefsee zu untersuchen.<\/p>\n<p>\u201e<strong>BRIGHT FLOWS<\/strong>\u201c ist das zweite Standbein von M139 und besch\u00e4ftigt sich mit Vulkanismus auf alter ozeanischer Kruste. Die Geologie der tiefen Ozeanbecken ist praktisch unbekannt und viele grundlegende Kenntnisse der Meeresbodenbeschaffenheit fehlen. Moderne F\u00e4cherecholote k\u00f6nnen diese Situation \u00e4ndern und geben neben hochaufgel\u00f6sten Tiefeninformationen auch Daten zur Meeresbodenbeschaffenheit (basierend auf akustischen R\u00fcckstreuungseigenschaften). W\u00e4hrend des Transits von Barbados zum Mittelatlantischen R\u00fccken (M127, Mai 2016) wurden Flecken mit ungew\u00f6hnlich hohen Intensit\u00e4ten von akustischer R\u00fcckstreuung auf etwa 20 Millionen Jahre alte Kruste gemessen. Diese Flecken sind mit mehreren Kegeln am Meeresboden assoziiert, was auf Lavafl\u00fcsse und kleinere Vulkane hindeutet. Zwei weitere Forschungsexpeditionen \u00fcber dieses Areal konnten diese Daten best\u00e4tigen. Weitere Berechnungen lassen vermuten, dass die Lavafl\u00e4chen mit h\u00f6chstens 2 m Sediment bedeckt sind (vermutlich weniger, abh\u00e4ngig von der Oberfl\u00e4chenmorphologie und damit der Sonar-Reflektivit\u00e4t der Lavafl\u00fcsse). Die Rate an Sedimentakkumulation in diesem Gebiet (etwa 1 cm pro 1000 Jahre) f\u00fchrte zu etwa 200 m m\u00e4chtigen Sedimenten und die nur d\u00fcnn sedimentierten Lavafl\u00e4chen weisen auf ein sehr junges Alter der Eruption vor weniger als 500.000 Jahren hin.<\/p>\n<p>Unser Team von Geowissenschaftlern sucht die visuelle Best\u00e4tigung, dass es sich tats\u00e4chlich um Lavafelder handelt. Wir werden die Ausdehnung der Lavafl\u00e4chen mit dem Tiefseeecholot kartieren und Gesteinsproben vom Meeresgrund bergen, um das Alter, die Zusammensetzung und damit die Herkunft dieser neuen Art des Ozeanbodenvulkanismus zu untersuchen.<\/p>\n<p>This expedition is being financed by the German Research Foundation. \/ Diese Expedition wird von der Deutschen Forschungsgemeinschaft gef\u00f6rdert.<\/p>\n<p>Illustration (Logo): Timo Schwittay<\/p>\n<p><strong>Contact\/Kontakt:<\/strong><\/p>\n<p>Chief Scientist\/Fahrtleiter<br \/>\nProf. Dr. Hartmut Arndt<br \/>\nUniversity of Cologne<br \/>\nBiocenter<br \/>\nInstitute for Zoology<br \/>\nGeneral Ecology<br \/>\nZ\u00fclpicher Str. 47b<br \/>\nD-50674 K\u00f6ln<br \/>\nGermany<br \/>\nPhone: +49 221 470-3100 or \u2013 5666<br \/>\nMail: hartmut.arndt(at)uni-koeln.de<\/p>\n","protected":false},"excerpt":{"rendered":"<p>*see German version below \u201cDEEP MICROBES\u201d is the title of the research cruise M139 headed by Prof. Dr. Hartmut Arndt at the University of Cologne (Germany) in collaboration with the University of Vienna (Austria), the GEOMAR in Kiel (Germany) and the ICBM at the University of Oldenburg (Germany). Our expedition will take us across the [&hellip;]<\/p>\n","protected":false},"author":92,"featured_media":0,"parent":0,"menu_order":0,"comment_status":"closed","ping_status":"open","template":"","meta":{"footnotes":""},"class_list":["post-2","page","type-page","status-publish","hentry"],"_links":{"self":[{"href":"https:\/\/www.oceanblogs.org\/m139\/wp-json\/wp\/v2\/pages\/2","targetHints":{"allow":["GET"]}}],"collection":[{"href":"https:\/\/www.oceanblogs.org\/m139\/wp-json\/wp\/v2\/pages"}],"about":[{"href":"https:\/\/www.oceanblogs.org\/m139\/wp-json\/wp\/v2\/types\/page"}],"author":[{"embeddable":true,"href":"https:\/\/www.oceanblogs.org\/m139\/wp-json\/wp\/v2\/users\/92"}],"replies":[{"embeddable":true,"href":"https:\/\/www.oceanblogs.org\/m139\/wp-json\/wp\/v2\/comments?post=2"}],"version-history":[{"count":37,"href":"https:\/\/www.oceanblogs.org\/m139\/wp-json\/wp\/v2\/pages\/2\/revisions"}],"predecessor-version":[{"id":64,"href":"https:\/\/www.oceanblogs.org\/m139\/wp-json\/wp\/v2\/pages\/2\/revisions\/64"}],"wp:attachment":[{"href":"https:\/\/www.oceanblogs.org\/m139\/wp-json\/wp\/v2\/media?parent=2"}],"curies":[{"name":"wp","href":"https:\/\/api.w.org\/{rel}","templated":true}]}}