{"id":2,"date":"2017-01-30T13:50:34","date_gmt":"2017-01-30T13:50:34","guid":{"rendered":"http:\/\/www.oceanblogs.org\/balticgender\/?page_id=2"},"modified":"2017-02-17T09:50:41","modified_gmt":"2017-02-17T08:50:41","slug":"about","status":"publish","type":"page","link":"https:\/\/www.oceanblogs.org\/balticgender\/about\/","title":{"rendered":"About Baltic Gender"},"content":{"rendered":"<p><strong>\u201cBehind the Science\u201d Blog<\/strong><\/p>\n<p>Baltic Gender (<a href=\"http:\/\/www.baltic-gender.eu\" target=\"_blank\">www.baltic-gender.eu<\/a>) is a project\u00a0 that brings together eight scientific institutions in five countries around the Baltic Sea to work on reducing gender inequalities in Marine Science and Technology. The project responds to the need for creating policies and implementing measures at the institutional level with the aim of harvesting the full human capital for the needs of marine research.<\/p>\n<p>The blog \u201cBehind the Science\u201d aims to bring personal stories of scientists, technicians and other support staff to life. The blog consists of two series with distinct aims.<\/p>\n<p>The <strong>series \u201cWomen in Marine Science and Technology\u201d<\/strong> portrays outstanding female marine scientists \/ technicians at different career stages (early career to leading positions) and highlights their achievements as a role model for others.\u00a0The portrays are compiled by the Lithuanian project partner, the Klaip\u00e8da University.<\/p>\n<p>The <strong>series \u201cWork and Family: sharing the caring\u201d<\/strong> describes the experiences of researchers in sharing the care of children and elderly in the family (e.g., between working parents). By doing so, it aims to raise awareness for a family-friendly working culture.\u00a0The series is authored by the Estonian project partner, the Estonian Marine Institute.<\/p>\n<p>&nbsp;<\/p>\n<p><strong>Contact:<\/strong><\/p>\n<p>Baltic Gender (\u201cBaltic Consortium on Promoting Gender Equality in Marine Research Organisations\u201d)<\/p>\n<p>Coordination Office<\/p>\n<p>GEOMAR Helmholtz Centre for Ocean Research Kiel<br \/>\nMarine Meteorology, (West Shore Campus)<br \/>\nD\u00fcsternbrooker\u00a0Weg\u00a020,\u00a0Room 417<br \/>\nD-24105 Kiel, Germany<\/p>\n<p>&nbsp;<\/p>\n<p>Project manager:\u00a0Ba\u015fak K\u0131sak\u00fcrek Ibsen<br \/>\ne-mail:\u00a0<a href=\"mailto:baltic-gender@geomar.de\">baltic-gender@geomar.de<\/a><\/p>\n<p>&nbsp;<\/p>\n<p>This project is funded by the EU (GA No. 710363)<\/p>\n<p><a href=\"http:\/\/www.oceanblogs.org\/balticgender\/wp-content\/uploads\/sites\/49\/2017\/01\/eu-flag_yellow_low.jpg\"><img loading=\"lazy\" decoding=\"async\" class=\"alignleft wp-image-13\" src=\"http:\/\/www.oceanblogs.org\/balticgender\/wp-content\/uploads\/sites\/49\/2017\/01\/eu-flag_yellow_low-480x321.jpg\" alt=\"EU flag\" width=\"200\" height=\"134\" srcset=\"https:\/\/www.oceanblogs.org\/balticgender\/wp-content\/uploads\/sites\/49\/2017\/01\/eu-flag_yellow_low-480x321.jpg 480w, https:\/\/www.oceanblogs.org\/balticgender\/wp-content\/uploads\/sites\/49\/2017\/01\/eu-flag_yellow_low.jpg 600w\" sizes=\"auto, (max-width: 200px) 100vw, 200px\" \/><\/a><\/p>\n","protected":false},"excerpt":{"rendered":"<p>\u201cBehind the Science\u201d Blog Baltic Gender (www.baltic-gender.eu) is a project\u00a0 that brings together eight scientific institutions in five countries around the Baltic Sea to work on reducing gender inequalities in Marine Science and Technology. The project responds to the need for creating policies and implementing measures at the institutional level with the aim of harvesting [&hellip;]<\/p>\n","protected":false},"author":4,"featured_media":0,"parent":0,"menu_order":0,"comment_status":"closed","ping_status":"open","template":"","meta":{"footnotes":""},"class_list":["post-2","page","type-page","status-publish","hentry"],"_links":{"self":[{"href":"https:\/\/www.oceanblogs.org\/balticgender\/wp-json\/wp\/v2\/pages\/2","targetHints":{"allow":["GET"]}}],"collection":[{"href":"https:\/\/www.oceanblogs.org\/balticgender\/wp-json\/wp\/v2\/pages"}],"about":[{"href":"https:\/\/www.oceanblogs.org\/balticgender\/wp-json\/wp\/v2\/types\/page"}],"author":[{"embeddable":true,"href":"https:\/\/www.oceanblogs.org\/balticgender\/wp-json\/wp\/v2\/users\/4"}],"replies":[{"embeddable":true,"href":"https:\/\/www.oceanblogs.org\/balticgender\/wp-json\/wp\/v2\/comments?post=2"}],"version-history":[{"count":6,"href":"https:\/\/www.oceanblogs.org\/balticgender\/wp-json\/wp\/v2\/pages\/2\/revisions"}],"predecessor-version":[{"id":21,"href":"https:\/\/www.oceanblogs.org\/balticgender\/wp-json\/wp\/v2\/pages\/2\/revisions\/21"}],"wp:attachment":[{"href":"https:\/\/www.oceanblogs.org\/balticgender\/wp-json\/wp\/v2\/media?parent=2"}],"curies":[{"name":"wp","href":"https:\/\/api.w.org\/{rel}","templated":true}]}}