{"id":2,"date":"2014-05-09T09:15:45","date_gmt":"2014-05-09T09:15:45","guid":{"rendered":"http:\/\/www.oceanblogs.org\/al437\/?page_id=2"},"modified":"2014-05-13T13:23:29","modified_gmt":"2014-05-13T13:23:29","slug":"ueber-al437","status":"publish","type":"page","link":"https:\/\/www.oceanblogs.org\/al437\/ueber-al437\/","title":{"rendered":"\u00dcber das Blog"},"content":{"rendered":"<p><strong>Die Expedition AL437<\/strong><\/p>\n<p>Die Forschungsarbeiten w\u00e4hrend der Ausfahrt AL437 stehen im Kontext von Langzeitdatenreihen und Beprobungen, die in \u00e4hnlicher Form seit 1986 j\u00e4hrlich durchgef\u00fchrt worden sind und eine der besten verf\u00fcgbaren integrativen Datenreihen der pelagischen Systeme der Ostsee darstellt. Dabei sind die Arbeiten in verschiedene laufende Projekte der Abteilung <a title=\"Evolutions\u00f6kologie Mariner Fische am GEOMAR\" href=\"http:\/\/www.geomar.de\/de\/forschen\/fb3\/fb3-ev\/schwerpunkte\/\" target=\"_blank\">Evolutions\u00f6kologie Mariner Fische<\/a> am GEOMAR eingebunden, und werden hierf\u00fcr wichtige Datens\u00e4tze zur Verf\u00fcgung stellen. Dies schlie\u00dft unter anderem das internationale Verbundprojekt BONUS BIO-C3 unter Koordination des GEOMARs, sowie die Projekte BIOACID-II, FISHERIES INDUCED EVOLUTION, POPDYN und VECTORS ein. Die vorgesehenen multidisziplin\u00e4ren Arbeiten insbesondere im Bereich des Bornholmbeckens und des Danziger Tiefs decken die Bereiche Hydrographie, Plankton\/Nekton Probennahmen, Hydroakustik und pelagische Schleppnetzfischerei einschlie\u00dflich intensiver Fischprobennahmen ab. Zus\u00e4tzlich werden an Bord Experimente zur Schwebf\u00e4higkeit pelagischer Eier von Dorsch und Plattfischen, sowie Untersuchungen zu Immundimorphismen von kommerziellen Fischarten durchgef\u00fchrt.<\/p>\n<p>Weitere Informationen zur Expedition finden Sie <a title=\"AL437 auf den GEOMAR-Expeditionsseiten\" href=\"http:\/\/www.geomar.de\/e325830\" target=\"_blank\">hier.<\/a><\/p>\n<p>Die aktuelle Position der ALKOR finden Sie <a title=\"Position der ALKOR auf sailwx.com\" href=\"http:\/\/www.sailwx.info\/shiptrack\/shipposition.phtml?call=DBND\" target=\"_blank\">hier<\/a>.<\/p>\n<p>&nbsp;<\/p>\n<p><strong>\u00dcber die Autorin:<\/strong><\/p>\n<p><a href=\"http:\/\/www.oceanblogs.org\/al437\/wp-content\/uploads\/sites\/20\/2014\/05\/Sophia.jpg\"><img loading=\"lazy\" decoding=\"async\" class=\"alignleft size-full wp-image-16\" src=\"http:\/\/www.oceanblogs.org\/al437\/wp-content\/uploads\/sites\/20\/2014\/05\/Sophia.jpg\" alt=\"Sophia\" width=\"100\" height=\"100\" \/><\/a>Sophia Wagner ist Bio Master Studentin an der Uni Kiel und zum ersten Mal bei einer Ausfahrt des GEOMAR dabei. W\u00e4hrend der zweiw\u00f6chigen Ostseefahrt mit der Abteilung &#8220;Evolutions\u00f6kologie Mariner Fischer&#8221;\u00a0 bloggt sie \u00fcber den Alltag an Bord.<\/p>\n","protected":false},"excerpt":{"rendered":"<p>Die Expedition AL437 Die Forschungsarbeiten w\u00e4hrend der Ausfahrt AL437 stehen im Kontext von Langzeitdatenreihen und Beprobungen, die in \u00e4hnlicher Form seit 1986 j\u00e4hrlich durchgef\u00fchrt worden sind und eine der besten verf\u00fcgbaren integrativen Datenreihen der pelagischen Systeme der Ostsee darstellt. Dabei sind die Arbeiten in verschiedene laufende Projekte der Abteilung Evolutions\u00f6kologie Mariner Fische am GEOMAR eingebunden, [&hellip;]<\/p>\n","protected":false},"author":4,"featured_media":0,"parent":0,"menu_order":0,"comment_status":"open","ping_status":"open","template":"","meta":{"footnotes":""},"class_list":["post-2","page","type-page","status-publish","hentry"],"_links":{"self":[{"href":"https:\/\/www.oceanblogs.org\/al437\/wp-json\/wp\/v2\/pages\/2","targetHints":{"allow":["GET"]}}],"collection":[{"href":"https:\/\/www.oceanblogs.org\/al437\/wp-json\/wp\/v2\/pages"}],"about":[{"href":"https:\/\/www.oceanblogs.org\/al437\/wp-json\/wp\/v2\/types\/page"}],"author":[{"embeddable":true,"href":"https:\/\/www.oceanblogs.org\/al437\/wp-json\/wp\/v2\/users\/4"}],"replies":[{"embeddable":true,"href":"https:\/\/www.oceanblogs.org\/al437\/wp-json\/wp\/v2\/comments?post=2"}],"version-history":[{"count":5,"href":"https:\/\/www.oceanblogs.org\/al437\/wp-json\/wp\/v2\/pages\/2\/revisions"}],"predecessor-version":[{"id":17,"href":"https:\/\/www.oceanblogs.org\/al437\/wp-json\/wp\/v2\/pages\/2\/revisions\/17"}],"wp:attachment":[{"href":"https:\/\/www.oceanblogs.org\/al437\/wp-json\/wp\/v2\/media?parent=2"}],"curies":[{"name":"wp","href":"https:\/\/api.w.org\/{rel}","templated":true}]}}